{"id":3468,"date":"2025-11-10T04:54:59","date_gmt":"2025-11-10T09:54:59","guid":{"rendered":"https:\/\/www.grade.org.pe\/creer\/?post_type=recurso&#038;p=3468"},"modified":"2026-02-11T19:19:44","modified_gmt":"2026-02-12T00:19:44","slug":"equipos-itinerantes-de-bienestar","status":"publish","type":"recurso","link":"https:\/\/www.grade.org.pe\/creer\/recurso\/equipos-itinerantes-de-bienestar\/","title":{"rendered":"Equipos Itinerantes de Bienestar: Una apuesta por servicios de protecci\u00f3n intersectoriales sensibles y respetuosos"},"content":{"rendered":"<p data-pm-slice=\"0 0 []\">En esta nueva entrega de la serie <em>Aportes para el Di\u00e1logo y la Acci\u00f3n<\/em>, se presenta la experiencia de los Equipos Itinerantes Intersectoriales de Bienestar, una estrategia del Proyecto CREER que acerca los servicios de cuidado y protecci\u00f3n a las escuelas rurales multigrado de Cajamarca.<\/p>\n<p data-pm-slice=\"0 0 []\">Frente a las brechas en el acceso a servicios de atenci\u00f3n socioemocional y erradicaci\u00f3n de la violencia, los EIIB implementan espacios de di\u00e1logo y prevenci\u00f3n junto a estudiantes, familias, docentes y directivos. La sistematizaci\u00f3n de esta experiencia muestra c\u00f3mo la articulaci\u00f3n intersectorial y el enfoque territorial permiten fortalecer el rol protector de la escuela y construir servicios m\u00e1s cercanos y pertinentes a los contextos locales.<\/p>\n","protected":false},"featured_media":3485,"parent":0,"template":"","tema":[129,271,181],"tipo":[282,206],"class_list":["post-3468","recurso","type-recurso","status-publish","has-post-thumbnail","hentry","tema-bienestar-del-estudiante","tema-bienestar-docente","tema-participacion-de-los-padres","tipo-publicaciones-del-proyecto-creer","tipo-aportes-para-el-dialogo-y-la-accion"],"acf":[],"yoast_head":"<!-- This site is optimized with the Yoast SEO plugin v26.9 - https:\/\/yoast.com\/product\/yoast-seo-wordpress\/ -->\n<title>Equipos Itinerantes de Bienestar: Una apuesta por servicios de protecci\u00f3n intersectoriales sensibles y respetuosos<\/title>\n<meta name=\"description\" content=\"Frente a las brechas en el acceso a servicios de atenci\u00f3n socioemocional y erradicaci\u00f3n de la violencia, los EIIB implementan espacios de di\u00e1logo y prevenci\u00f3n junto a estudiantes, familias, docentes y directivos.\" \/>\n<meta name=\"robots\" content=\"index, follow, max-snippet:-1, max-image-preview:large, max-video-preview:-1\" \/>\n<link rel=\"canonical\" href=\"https:\/\/www.grade.org.pe\/creer\/recurso\/equipos-itinerantes-de-bienestar\/\" \/>\n<meta property=\"og:locale\" content=\"es_ES\" \/>\n<meta property=\"og:type\" content=\"article\" \/>\n<meta property=\"og:title\" content=\"Equipos Itinerantes de Bienestar: Una apuesta por servicios de protecci\u00f3n intersectoriales sensibles y respetuosos\" \/>\n<meta property=\"og:description\" content=\"Frente a las brechas en el acceso a servicios de atenci\u00f3n socioemocional y erradicaci\u00f3n de la violencia, los EIIB implementan espacios de di\u00e1logo y prevenci\u00f3n junto a estudiantes, familias, docentes y directivos.\" \/>\n<meta property=\"og:url\" content=\"https:\/\/www.grade.org.pe\/creer\/recurso\/equipos-itinerantes-de-bienestar\/\" \/>\n<meta property=\"og:site_name\" content=\"Proyecto CREER\" \/>\n<meta property=\"article:publisher\" content=\"https:\/\/www.facebook.com\/creergrade\/\" \/>\n<meta property=\"article:modified_time\" content=\"2026-02-12T00:19:44+00:00\" \/>\n<meta property=\"og:image\" content=\"https:\/\/www.grade.org.pe\/creer\/archivos\/CREER-Aportes-30-Equipos-Itinerantes-de-Bienestar.jpg\" \/>\n\t<meta property=\"og:image:width\" content=\"826\" \/>\n\t<meta property=\"og:image:height\" content=\"1169\" \/>\n\t<meta property=\"og:image:type\" content=\"image\/jpeg\" \/>\n<meta name=\"twitter:card\" content=\"summary_large_image\" \/>\n<meta name=\"twitter:label1\" content=\"Tiempo de lectura\" \/>\n\t<meta name=\"twitter:data1\" content=\"2 minutos\" \/>\n<script type=\"application\/ld+json\" class=\"yoast-schema-graph\">{\"@context\":\"https:\/\/schema.org\",\"@graph\":[{\"@type\":\"WebPage\",\"@id\":\"https:\/\/www.grade.org.pe\/creer\/recurso\/equipos-itinerantes-de-bienestar\/\",\"url\":\"https:\/\/www.grade.org.pe\/creer\/recurso\/equipos-itinerantes-de-bienestar\/\",\"name\":\"Equipos Itinerantes de Bienestar: Una apuesta por servicios de protecci\u00f3n intersectoriales sensibles y respetuosos\",\"isPartOf\":{\"@id\":\"https:\/\/www.grade.org.pe\/creer\/#website\"},\"primaryImageOfPage\":{\"@id\":\"https:\/\/www.grade.org.pe\/creer\/recurso\/equipos-itinerantes-de-bienestar\/#primaryimage\"},\"image\":{\"@id\":\"https:\/\/www.grade.org.pe\/creer\/recurso\/equipos-itinerantes-de-bienestar\/#primaryimage\"},\"thumbnailUrl\":\"https:\/\/www.grade.org.pe\/creer\/archivos\/CREER-Aportes-30-Equipos-Itinerantes-de-Bienestar.jpg\",\"datePublished\":\"2025-11-10T09:54:59+00:00\",\"dateModified\":\"2026-02-12T00:19:44+00:00\",\"description\":\"Frente a las brechas en el acceso a servicios de atenci\u00f3n socioemocional y erradicaci\u00f3n de la violencia, los EIIB implementan espacios de di\u00e1logo y prevenci\u00f3n junto a estudiantes, familias, docentes y directivos.\",\"breadcrumb\":{\"@id\":\"https:\/\/www.grade.org.pe\/creer\/recurso\/equipos-itinerantes-de-bienestar\/#breadcrumb\"},\"inLanguage\":\"es\",\"potentialAction\":[{\"@type\":\"ReadAction\",\"target\":[\"https:\/\/www.grade.org.pe\/creer\/recurso\/equipos-itinerantes-de-bienestar\/\"]}]},{\"@type\":\"ImageObject\",\"inLanguage\":\"es\",\"@id\":\"https:\/\/www.grade.org.pe\/creer\/recurso\/equipos-itinerantes-de-bienestar\/#primaryimage\",\"url\":\"https:\/\/www.grade.org.pe\/creer\/archivos\/CREER-Aportes-30-Equipos-Itinerantes-de-Bienestar.jpg\",\"contentUrl\":\"https:\/\/www.grade.org.pe\/creer\/archivos\/CREER-Aportes-30-Equipos-Itinerantes-de-Bienestar.jpg\",\"width\":826,\"height\":1169},{\"@type\":\"BreadcrumbList\",\"@id\":\"https:\/\/www.grade.org.pe\/creer\/recurso\/equipos-itinerantes-de-bienestar\/#breadcrumb\",\"itemListElement\":[{\"@type\":\"ListItem\",\"position\":1,\"name\":\"Portada\",\"item\":\"https:\/\/www.grade.org.pe\/creer\/\"},{\"@type\":\"ListItem\",\"position\":2,\"name\":\"Recursos\",\"item\":\"https:\/\/www.grade.org.pe\/creer\/recursos\/\"},{\"@type\":\"ListItem\",\"position\":3,\"name\":\"Equipos Itinerantes de Bienestar: Una apuesta por servicios de protecci\u00f3n intersectoriales sensibles y respetuosos\"}]},{\"@type\":\"WebSite\",\"@id\":\"https:\/\/www.grade.org.pe\/creer\/#website\",\"url\":\"https:\/\/www.grade.org.pe\/creer\/\",\"name\":\"Proyecto CREER\",\"description\":\"Creciendo con las Escuelas Rurales Multigrado del Per\u00fa\",\"publisher\":{\"@id\":\"https:\/\/www.grade.org.pe\/creer\/#organization\"},\"potentialAction\":[{\"@type\":\"SearchAction\",\"target\":{\"@type\":\"EntryPoint\",\"urlTemplate\":\"https:\/\/www.grade.org.pe\/creer\/?s={search_term_string}\"},\"query-input\":{\"@type\":\"PropertyValueSpecification\",\"valueRequired\":true,\"valueName\":\"search_term_string\"}}],\"inLanguage\":\"es\"},{\"@type\":\"Organization\",\"@id\":\"https:\/\/www.grade.org.pe\/creer\/#organization\",\"name\":\"Proyecto CREER\",\"url\":\"https:\/\/www.grade.org.pe\/creer\/\",\"logo\":{\"@type\":\"ImageObject\",\"inLanguage\":\"es\",\"@id\":\"https:\/\/www.grade.org.pe\/creer\/#\/schema\/logo\/image\/\",\"url\":\"https:\/\/www.grade.org.pe\/creer\/archivos\/logo-creer.png\",\"contentUrl\":\"https:\/\/www.grade.org.pe\/creer\/archivos\/logo-creer.png\",\"width\":802,\"height\":258,\"caption\":\"Proyecto CREER\"},\"image\":{\"@id\":\"https:\/\/www.grade.org.pe\/creer\/#\/schema\/logo\/image\/\"},\"sameAs\":[\"https:\/\/www.facebook.com\/creergrade\/\"]}]}<\/script>\n<!-- \/ Yoast SEO plugin. -->","yoast_head_json":{"title":"Equipos Itinerantes de Bienestar: Una apuesta por servicios de protecci\u00f3n intersectoriales sensibles y respetuosos","description":"Frente a las brechas en el acceso a servicios de atenci\u00f3n socioemocional y erradicaci\u00f3n de la violencia, los EIIB implementan espacios de di\u00e1logo y prevenci\u00f3n junto a estudiantes, familias, docentes y directivos.","robots":{"index":"index","follow":"follow","max-snippet":"max-snippet:-1","max-image-preview":"max-image-preview:large","max-video-preview":"max-video-preview:-1"},"canonical":"https:\/\/www.grade.org.pe\/creer\/recurso\/equipos-itinerantes-de-bienestar\/","og_locale":"es_ES","og_type":"article","og_title":"Equipos Itinerantes de Bienestar: Una apuesta por servicios de protecci\u00f3n intersectoriales sensibles y respetuosos","og_description":"Frente a las brechas en el acceso a servicios de atenci\u00f3n socioemocional y erradicaci\u00f3n de la violencia, los EIIB implementan espacios de di\u00e1logo y prevenci\u00f3n junto a estudiantes, familias, docentes y directivos.","og_url":"https:\/\/www.grade.org.pe\/creer\/recurso\/equipos-itinerantes-de-bienestar\/","og_site_name":"Proyecto CREER","article_publisher":"https:\/\/www.facebook.com\/creergrade\/","article_modified_time":"2026-02-12T00:19:44+00:00","og_image":[{"width":826,"height":1169,"url":"https:\/\/www.grade.org.pe\/creer\/archivos\/CREER-Aportes-30-Equipos-Itinerantes-de-Bienestar.jpg","type":"image\/jpeg"}],"twitter_card":"summary_large_image","twitter_misc":{"Tiempo de lectura":"2 minutos"},"schema":{"@context":"https:\/\/schema.org","@graph":[{"@type":"WebPage","@id":"https:\/\/www.grade.org.pe\/creer\/recurso\/equipos-itinerantes-de-bienestar\/","url":"https:\/\/www.grade.org.pe\/creer\/recurso\/equipos-itinerantes-de-bienestar\/","name":"Equipos Itinerantes de Bienestar: Una apuesta por servicios de protecci\u00f3n intersectoriales sensibles y respetuosos","isPartOf":{"@id":"https:\/\/www.grade.org.pe\/creer\/#website"},"primaryImageOfPage":{"@id":"https:\/\/www.grade.org.pe\/creer\/recurso\/equipos-itinerantes-de-bienestar\/#primaryimage"},"image":{"@id":"https:\/\/www.grade.org.pe\/creer\/recurso\/equipos-itinerantes-de-bienestar\/#primaryimage"},"thumbnailUrl":"https:\/\/www.grade.org.pe\/creer\/archivos\/CREER-Aportes-30-Equipos-Itinerantes-de-Bienestar.jpg","datePublished":"2025-11-10T09:54:59+00:00","dateModified":"2026-02-12T00:19:44+00:00","description":"Frente a las brechas en el acceso a servicios de atenci\u00f3n socioemocional y erradicaci\u00f3n de la violencia, los EIIB implementan espacios de di\u00e1logo y prevenci\u00f3n junto a estudiantes, familias, docentes y directivos.","breadcrumb":{"@id":"https:\/\/www.grade.org.pe\/creer\/recurso\/equipos-itinerantes-de-bienestar\/#breadcrumb"},"inLanguage":"es","potentialAction":[{"@type":"ReadAction","target":["https:\/\/www.grade.org.pe\/creer\/recurso\/equipos-itinerantes-de-bienestar\/"]}]},{"@type":"ImageObject","inLanguage":"es","@id":"https:\/\/www.grade.org.pe\/creer\/recurso\/equipos-itinerantes-de-bienestar\/#primaryimage","url":"https:\/\/www.grade.org.pe\/creer\/archivos\/CREER-Aportes-30-Equipos-Itinerantes-de-Bienestar.jpg","contentUrl":"https:\/\/www.grade.org.pe\/creer\/archivos\/CREER-Aportes-30-Equipos-Itinerantes-de-Bienestar.jpg","width":826,"height":1169},{"@type":"BreadcrumbList","@id":"https:\/\/www.grade.org.pe\/creer\/recurso\/equipos-itinerantes-de-bienestar\/#breadcrumb","itemListElement":[{"@type":"ListItem","position":1,"name":"Portada","item":"https:\/\/www.grade.org.pe\/creer\/"},{"@type":"ListItem","position":2,"name":"Recursos","item":"https:\/\/www.grade.org.pe\/creer\/recursos\/"},{"@type":"ListItem","position":3,"name":"Equipos Itinerantes de Bienestar: Una apuesta por servicios de protecci\u00f3n intersectoriales sensibles y respetuosos"}]},{"@type":"WebSite","@id":"https:\/\/www.grade.org.pe\/creer\/#website","url":"https:\/\/www.grade.org.pe\/creer\/","name":"Proyecto CREER","description":"Creciendo con las Escuelas Rurales Multigrado del Per\u00fa","publisher":{"@id":"https:\/\/www.grade.org.pe\/creer\/#organization"},"potentialAction":[{"@type":"SearchAction","target":{"@type":"EntryPoint","urlTemplate":"https:\/\/www.grade.org.pe\/creer\/?s={search_term_string}"},"query-input":{"@type":"PropertyValueSpecification","valueRequired":true,"valueName":"search_term_string"}}],"inLanguage":"es"},{"@type":"Organization","@id":"https:\/\/www.grade.org.pe\/creer\/#organization","name":"Proyecto CREER","url":"https:\/\/www.grade.org.pe\/creer\/","logo":{"@type":"ImageObject","inLanguage":"es","@id":"https:\/\/www.grade.org.pe\/creer\/#\/schema\/logo\/image\/","url":"https:\/\/www.grade.org.pe\/creer\/archivos\/logo-creer.png","contentUrl":"https:\/\/www.grade.org.pe\/creer\/archivos\/logo-creer.png","width":802,"height":258,"caption":"Proyecto CREER"},"image":{"@id":"https:\/\/www.grade.org.pe\/creer\/#\/schema\/logo\/image\/"},"sameAs":["https:\/\/www.facebook.com\/creergrade\/"]}]}},"_links":{"self":[{"href":"https:\/\/www.grade.org.pe\/creer\/wp-json\/wp\/v2\/recurso\/3468","targetHints":{"allow":["GET"]}}],"collection":[{"href":"https:\/\/www.grade.org.pe\/creer\/wp-json\/wp\/v2\/recurso"}],"about":[{"href":"https:\/\/www.grade.org.pe\/creer\/wp-json\/wp\/v2\/types\/recurso"}],"version-history":[{"count":7,"href":"https:\/\/www.grade.org.pe\/creer\/wp-json\/wp\/v2\/recurso\/3468\/revisions"}],"predecessor-version":[{"id":3496,"href":"https:\/\/www.grade.org.pe\/creer\/wp-json\/wp\/v2\/recurso\/3468\/revisions\/3496"}],"wp:featuredmedia":[{"embeddable":true,"href":"https:\/\/www.grade.org.pe\/creer\/wp-json\/wp\/v2\/media\/3485"}],"wp:attachment":[{"href":"https:\/\/www.grade.org.pe\/creer\/wp-json\/wp\/v2\/media?parent=3468"}],"wp:term":[{"taxonomy":"tema","embeddable":true,"href":"https:\/\/www.grade.org.pe\/creer\/wp-json\/wp\/v2\/tema?post=3468"},{"taxonomy":"tipo","embeddable":true,"href":"https:\/\/www.grade.org.pe\/creer\/wp-json\/wp\/v2\/tipo?post=3468"}],"curies":[{"name":"wp","href":"https:\/\/api.w.org\/{rel}","templated":true}]}}

Equipos Itinerantes de Bienestar: Una apuesta por servicios de protección intersectoriales sensibles y respetuosos

<p data-pm-slice="0 0 []">En esta nueva entrega de la serie <em>Aportes para el Diálogo y la Acción</em>, se presenta la experiencia de los Equipos Itinerantes Intersectoriales de Bienestar, una estrategia del Proyecto CREER que acerca los servicios de cuidado y protección a las escuelas rurales multigrado de Cajamarca.</p>
<p data-pm-slice="0 0 []">Frente a las brechas en el acceso a servicios de atención socioemocional y erradicación de la violencia, los EIIB implementan espacios de diálogo y prevención junto a estudiantes, familias, docentes y directivos. La sistematización de esta experiencia muestra cómo la articulación intersectorial y el enfoque territorial permiten fortalecer el rol protector de la escuela y construir servicios más cercanos y pertinentes a los contextos locales.</p>

<!-- This site is optimized with the Yoast SEO plugin v26.9 - https://yoast.com/product/yoast-seo-wordpress/ -->
<title>Equipos Itinerantes de Bienestar: Una apuesta por servicios de protección intersectoriales sensibles y respetuosos</title>
<meta name="description" content="Frente a las brechas en el acceso a servicios de atención socioemocional y erradicación de la violencia, los EIIB implementan espacios de diálogo y prevención junto a estudiantes, familias, docentes y directivos." />
<meta name="robots" content="index, follow, max-snippet:-1, max-image-preview:large, max-video-preview:-1" />
<link rel="canonical" href="https://www.grade.org.pe/creer/recurso/equipos-itinerantes-de-bienestar/" />
<meta property="og:locale" content="es_ES" />
<meta property="og:type" content="article" />
<meta property="og:title" content="Equipos Itinerantes de Bienestar: Una apuesta por servicios de protección intersectoriales sensibles y respetuosos" />
<meta property="og:description" content="Frente a las brechas en el acceso a servicios de atención socioemocional y erradicación de la violencia, los EIIB implementan espacios de diálogo y prevención junto a estudiantes, familias, docentes y directivos." />
<meta property="og:url" content="https://www.grade.org.pe/creer/recurso/equipos-itinerantes-de-bienestar/" />
<meta property="og:site_name" content="Proyecto CREER" />
<meta property="article:publisher" content="https://www.facebook.com/creergrade/" />
<meta property="article:modified_time" content="2026-02-12T00:19:44+00:00" />
<meta property="og:image" content="https://www.grade.org.pe/creer/archivos/CREER-Aportes-30-Equipos-Itinerantes-de-Bienestar.jpg" />
	<meta property="og:image:width" content="826" />
	<meta property="og:image:height" content="1169" />
	<meta property="og:image:type" content="image/jpeg" />
<meta name="twitter:card" content="summary_large_image" />
<meta name="twitter:label1" content="Tiempo de lectura" />
	<meta name="twitter:data1" content="2 minutos" />
<script type="application/ld+json" class="yoast-schema-graph">{"@context":"https://schema.org","@graph":[{"@type":"WebPage","@id":"https://www.grade.org.pe/creer/recurso/equipos-itinerantes-de-bienestar/","url":"https://www.grade.org.pe/creer/recurso/equipos-itinerantes-de-bienestar/","name":"Equipos Itinerantes de Bienestar: Una apuesta por servicios de protección intersectoriales sensibles y respetuosos","isPartOf":{"@id":"https://www.grade.org.pe/creer/#website"},"primaryImageOfPage":{"@id":"https://www.grade.org.pe/creer/recurso/equipos-itinerantes-de-bienestar/#primaryimage"},"image":{"@id":"https://www.grade.org.pe/creer/recurso/equipos-itinerantes-de-bienestar/#primaryimage"},"thumbnailUrl":"https://www.grade.org.pe/creer/archivos/CREER-Aportes-30-Equipos-Itinerantes-de-Bienestar.jpg","datePublished":"2025-11-10T09:54:59+00:00","dateModified":"2026-02-12T00:19:44+00:00","description":"Frente a las brechas en el acceso a servicios de atención socioemocional y erradicación de la violencia, los EIIB implementan espacios de diálogo y prevención junto a estudiantes, familias, docentes y directivos.","breadcrumb":{"@id":"https://www.grade.org.pe/creer/recurso/equipos-itinerantes-de-bienestar/#breadcrumb"},"inLanguage":"es","potentialAction":[{"@type":"ReadAction","target":["https://www.grade.org.pe/creer/recurso/equipos-itinerantes-de-bienestar/"]}]},{"@type":"ImageObject","inLanguage":"es","@id":"https://www.grade.org.pe/creer/recurso/equipos-itinerantes-de-bienestar/#primaryimage","url":"https://www.grade.org.pe/creer/archivos/CREER-Aportes-30-Equipos-Itinerantes-de-Bienestar.jpg","contentUrl":"https://www.grade.org.pe/creer/archivos/CREER-Aportes-30-Equipos-Itinerantes-de-Bienestar.jpg","width":826,"height":1169},{"@type":"BreadcrumbList","@id":"https://www.grade.org.pe/creer/recurso/equipos-itinerantes-de-bienestar/#breadcrumb","itemListElement":[{"@type":"ListItem","position":1,"name":"Portada","item":"https://www.grade.org.pe/creer/"},{"@type":"ListItem","position":2,"name":"Recursos","item":"https://www.grade.org.pe/creer/recursos/"},{"@type":"ListItem","position":3,"name":"Equipos Itinerantes de Bienestar: Una apuesta por servicios de protección intersectoriales sensibles y respetuosos"}]},{"@type":"WebSite","@id":"https://www.grade.org.pe/creer/#website","url":"https://www.grade.org.pe/creer/","name":"Proyecto CREER","description":"Creciendo con las Escuelas Rurales Multigrado del Perú","publisher":{"@id":"https://www.grade.org.pe/creer/#organization"},"potentialAction":[{"@type":"SearchAction","target":{"@type":"EntryPoint","urlTemplate":"https://www.grade.org.pe/creer/?s={search_term_string}"},"query-input":{"@type":"PropertyValueSpecification","valueRequired":true,"valueName":"search_term_string"}}],"inLanguage":"es"},{"@type":"Organization","@id":"https://www.grade.org.pe/creer/#organization","name":"Proyecto CREER","url":"https://www.grade.org.pe/creer/","logo":{"@type":"ImageObject","inLanguage":"es","@id":"https://www.grade.org.pe/creer/#/schema/logo/image/","url":"https://www.grade.org.pe/creer/archivos/logo-creer.png","contentUrl":"https://www.grade.org.pe/creer/archivos/logo-creer.png","width":802,"height":258,"caption":"Proyecto CREER"},"image":{"@id":"https://www.grade.org.pe/creer/#/schema/logo/image/"},"sameAs":["https://www.facebook.com/creergrade/"]}]}</script>
<!-- / Yoast SEO plugin. -->

Frente a las brechas en el acceso a servicios de atención socioemocional y erradicación de la violencia, los EIIB implementan espacios de diálogo y prevención junto a estudiantes, familias, docentes y directivos.

Creciendo con las Escuelas Rurales Multigrado del Perú
