{"id":2052,"date":"2021-08-16T18:59:23","date_gmt":"2021-08-16T23:59:23","guid":{"rendered":"http:\/\/www.grade.org.pe\/creer\/?post_type=recurso&#038;p=2052"},"modified":"2022-09-28T15:28:49","modified_gmt":"2022-09-28T20:28:49","slug":"aprendo-en-casa-balance-y-recomendaciones","status":"publish","type":"recurso","link":"https:\/\/www.grade.org.pe\/creer\/recurso\/aprendo-en-casa-balance-y-recomendaciones\/","title":{"rendered":"Aprendo en Casa: balance y recomendaciones"},"content":{"rendered":"<p>En marzo del 2020, el gobierno peruano debi\u00f3 declarar una emergencia sanitaria que, entre otras medidas, forzaba el distanciamiento social y el cierre de las escuelas. Lo que en un inicio se pens\u00f3 que ser\u00eda un cierre temporal, dur\u00f3 todo el a\u00f1o escolar 2020 y alcanza lo que va del 2021. En un esfuerzo sin precedentes por sostener el servicio educativo, el Ministerio de Educaci\u00f3n, bajo el liderazgo entonces de Mart\u00edn Benavides, inici\u00f3 en ese mismo mes de marzo la construcci\u00f3n de la estrategia Aprendo en Casa. En este primer momento, y en consonancia con el conocimiento nacional e internacional que hab\u00eda sobre el covid-19, Aprendo en Casa nac\u00eda como un plan de emergencia. Ahora sabemos que es necesario institucionalizarla. Los autores de este estudio, Ana Patricia Andrade y Luis Alfredo Guerrero, conf\u00edan en que las ideas y los planteamientos expuestos en este documento sean de ayuda para la deliberaci\u00f3n \u2014y, finalmente, la toma de decisiones\u2014 que debe producirse tanto en Minedu como en las regiones, localidades e instituciones educativas, as\u00ed como entre los diversos actores vinculados con la garant\u00eda del derecho a la educaci\u00f3n para fortalecer y adaptar la estrategia para que sea \u00fatil tanto en el tiempo de pandemia como en el momento del retorno y la vigencia de lo que deber\u00eda ser una nueva presencialidad.<\/p>\n","protected":false},"featured_media":2054,"parent":0,"template":"","tema":[212,202,216],"tipo":[283],"class_list":["post-2052","recurso","type-recurso","status-publish","has-post-thumbnail","hentry","tema-educacion-en-tiempos-de-crisis","tema-educacion-no-presencial","tema-educacion-remota-de-emergencia","tipo-documentos-o-reportes-de-investigacion"],"acf":[],"yoast_head":"<!-- This site is optimized with the Yoast SEO plugin v26.9 - https:\/\/yoast.com\/product\/yoast-seo-wordpress\/ -->\n<title>Aprendo en Casa: balance y recomendaciones<\/title>\n<meta name=\"robots\" content=\"index, follow, max-snippet:-1, max-image-preview:large, max-video-preview:-1\" \/>\n<link rel=\"canonical\" href=\"https:\/\/www.grade.org.pe\/creer\/recurso\/aprendo-en-casa-balance-y-recomendaciones\/\" \/>\n<meta property=\"og:locale\" content=\"es_ES\" \/>\n<meta property=\"og:type\" content=\"article\" \/>\n<meta property=\"og:title\" content=\"Aprendo en Casa: balance y recomendaciones\" \/>\n<meta property=\"og:description\" content=\"En marzo del 2020, el gobierno peruano debi\u00f3 declarar una emergencia sanitaria que, entre otras medidas, forzaba el distanciamiento social y el cierre de las escuelas. Lo que en un inicio se pens\u00f3 que ser\u00eda un cierre temporal, dur\u00f3 todo el a\u00f1o escolar 2020 y alcanza lo que va del 2021. En un esfuerzo sin [&hellip;]\" \/>\n<meta property=\"og:url\" content=\"https:\/\/www.grade.org.pe\/creer\/recurso\/aprendo-en-casa-balance-y-recomendaciones\/\" \/>\n<meta property=\"og:site_name\" content=\"Proyecto CREER\" \/>\n<meta property=\"article:publisher\" content=\"https:\/\/www.facebook.com\/creergrade\/\" \/>\n<meta property=\"article:modified_time\" content=\"2022-09-28T20:28:49+00:00\" \/>\n<meta property=\"og:image\" content=\"https:\/\/www.grade.org.pe\/creer\/archivos\/portada-aprendo-en-casa-VF-scaled.jpg\" \/>\n\t<meta property=\"og:image:width\" content=\"1721\" \/>\n\t<meta property=\"og:image:height\" content=\"2560\" \/>\n\t<meta property=\"og:image:type\" content=\"image\/jpeg\" \/>\n<meta name=\"twitter:card\" content=\"summary_large_image\" \/>\n<meta name=\"twitter:label1\" content=\"Tiempo de lectura\" \/>\n\t<meta name=\"twitter:data1\" content=\"1 minuto\" \/>\n<script type=\"application\/ld+json\" class=\"yoast-schema-graph\">{\"@context\":\"https:\/\/schema.org\",\"@graph\":[{\"@type\":\"WebPage\",\"@id\":\"https:\/\/www.grade.org.pe\/creer\/recurso\/aprendo-en-casa-balance-y-recomendaciones\/\",\"url\":\"https:\/\/www.grade.org.pe\/creer\/recurso\/aprendo-en-casa-balance-y-recomendaciones\/\",\"name\":\"Aprendo en Casa: balance y recomendaciones\",\"isPartOf\":{\"@id\":\"https:\/\/www.grade.org.pe\/creer\/#website\"},\"primaryImageOfPage\":{\"@id\":\"https:\/\/www.grade.org.pe\/creer\/recurso\/aprendo-en-casa-balance-y-recomendaciones\/#primaryimage\"},\"image\":{\"@id\":\"https:\/\/www.grade.org.pe\/creer\/recurso\/aprendo-en-casa-balance-y-recomendaciones\/#primaryimage\"},\"thumbnailUrl\":\"https:\/\/www.grade.org.pe\/creer\/archivos\/portada-aprendo-en-casa-VF-scaled.jpg\",\"datePublished\":\"2021-08-16T23:59:23+00:00\",\"dateModified\":\"2022-09-28T20:28:49+00:00\",\"breadcrumb\":{\"@id\":\"https:\/\/www.grade.org.pe\/creer\/recurso\/aprendo-en-casa-balance-y-recomendaciones\/#breadcrumb\"},\"inLanguage\":\"es\",\"potentialAction\":[{\"@type\":\"ReadAction\",\"target\":[\"https:\/\/www.grade.org.pe\/creer\/recurso\/aprendo-en-casa-balance-y-recomendaciones\/\"]}]},{\"@type\":\"ImageObject\",\"inLanguage\":\"es\",\"@id\":\"https:\/\/www.grade.org.pe\/creer\/recurso\/aprendo-en-casa-balance-y-recomendaciones\/#primaryimage\",\"url\":\"https:\/\/www.grade.org.pe\/creer\/archivos\/portada-aprendo-en-casa-VF-scaled.jpg\",\"contentUrl\":\"https:\/\/www.grade.org.pe\/creer\/archivos\/portada-aprendo-en-casa-VF-scaled.jpg\",\"width\":1721,\"height\":2560},{\"@type\":\"BreadcrumbList\",\"@id\":\"https:\/\/www.grade.org.pe\/creer\/recurso\/aprendo-en-casa-balance-y-recomendaciones\/#breadcrumb\",\"itemListElement\":[{\"@type\":\"ListItem\",\"position\":1,\"name\":\"Portada\",\"item\":\"https:\/\/www.grade.org.pe\/creer\/\"},{\"@type\":\"ListItem\",\"position\":2,\"name\":\"Recursos\",\"item\":\"https:\/\/www.grade.org.pe\/creer\/recursos\/\"},{\"@type\":\"ListItem\",\"position\":3,\"name\":\"Aprendo en Casa: balance y recomendaciones\"}]},{\"@type\":\"WebSite\",\"@id\":\"https:\/\/www.grade.org.pe\/creer\/#website\",\"url\":\"https:\/\/www.grade.org.pe\/creer\/\",\"name\":\"Proyecto CREER\",\"description\":\"Creciendo con las Escuelas Rurales Multigrado del Per\u00fa\",\"publisher\":{\"@id\":\"https:\/\/www.grade.org.pe\/creer\/#organization\"},\"potentialAction\":[{\"@type\":\"SearchAction\",\"target\":{\"@type\":\"EntryPoint\",\"urlTemplate\":\"https:\/\/www.grade.org.pe\/creer\/?s={search_term_string}\"},\"query-input\":{\"@type\":\"PropertyValueSpecification\",\"valueRequired\":true,\"valueName\":\"search_term_string\"}}],\"inLanguage\":\"es\"},{\"@type\":\"Organization\",\"@id\":\"https:\/\/www.grade.org.pe\/creer\/#organization\",\"name\":\"Proyecto CREER\",\"url\":\"https:\/\/www.grade.org.pe\/creer\/\",\"logo\":{\"@type\":\"ImageObject\",\"inLanguage\":\"es\",\"@id\":\"https:\/\/www.grade.org.pe\/creer\/#\/schema\/logo\/image\/\",\"url\":\"https:\/\/www.grade.org.pe\/creer\/archivos\/logo-creer.png\",\"contentUrl\":\"https:\/\/www.grade.org.pe\/creer\/archivos\/logo-creer.png\",\"width\":802,\"height\":258,\"caption\":\"Proyecto CREER\"},\"image\":{\"@id\":\"https:\/\/www.grade.org.pe\/creer\/#\/schema\/logo\/image\/\"},\"sameAs\":[\"https:\/\/www.facebook.com\/creergrade\/\"]}]}<\/script>\n<!-- \/ Yoast SEO plugin. -->","yoast_head_json":{"title":"Aprendo en Casa: balance y recomendaciones","robots":{"index":"index","follow":"follow","max-snippet":"max-snippet:-1","max-image-preview":"max-image-preview:large","max-video-preview":"max-video-preview:-1"},"canonical":"https:\/\/www.grade.org.pe\/creer\/recurso\/aprendo-en-casa-balance-y-recomendaciones\/","og_locale":"es_ES","og_type":"article","og_title":"Aprendo en Casa: balance y recomendaciones","og_description":"En marzo del 2020, el gobierno peruano debi\u00f3 declarar una emergencia sanitaria que, entre otras medidas, forzaba el distanciamiento social y el cierre de las escuelas. Lo que en un inicio se pens\u00f3 que ser\u00eda un cierre temporal, dur\u00f3 todo el a\u00f1o escolar 2020 y alcanza lo que va del 2021. En un esfuerzo sin [&hellip;]","og_url":"https:\/\/www.grade.org.pe\/creer\/recurso\/aprendo-en-casa-balance-y-recomendaciones\/","og_site_name":"Proyecto CREER","article_publisher":"https:\/\/www.facebook.com\/creergrade\/","article_modified_time":"2022-09-28T20:28:49+00:00","og_image":[{"width":1721,"height":2560,"url":"https:\/\/www.grade.org.pe\/creer\/archivos\/portada-aprendo-en-casa-VF-scaled.jpg","type":"image\/jpeg"}],"twitter_card":"summary_large_image","twitter_misc":{"Tiempo de lectura":"1 minuto"},"schema":{"@context":"https:\/\/schema.org","@graph":[{"@type":"WebPage","@id":"https:\/\/www.grade.org.pe\/creer\/recurso\/aprendo-en-casa-balance-y-recomendaciones\/","url":"https:\/\/www.grade.org.pe\/creer\/recurso\/aprendo-en-casa-balance-y-recomendaciones\/","name":"Aprendo en Casa: balance y recomendaciones","isPartOf":{"@id":"https:\/\/www.grade.org.pe\/creer\/#website"},"primaryImageOfPage":{"@id":"https:\/\/www.grade.org.pe\/creer\/recurso\/aprendo-en-casa-balance-y-recomendaciones\/#primaryimage"},"image":{"@id":"https:\/\/www.grade.org.pe\/creer\/recurso\/aprendo-en-casa-balance-y-recomendaciones\/#primaryimage"},"thumbnailUrl":"https:\/\/www.grade.org.pe\/creer\/archivos\/portada-aprendo-en-casa-VF-scaled.jpg","datePublished":"2021-08-16T23:59:23+00:00","dateModified":"2022-09-28T20:28:49+00:00","breadcrumb":{"@id":"https:\/\/www.grade.org.pe\/creer\/recurso\/aprendo-en-casa-balance-y-recomendaciones\/#breadcrumb"},"inLanguage":"es","potentialAction":[{"@type":"ReadAction","target":["https:\/\/www.grade.org.pe\/creer\/recurso\/aprendo-en-casa-balance-y-recomendaciones\/"]}]},{"@type":"ImageObject","inLanguage":"es","@id":"https:\/\/www.grade.org.pe\/creer\/recurso\/aprendo-en-casa-balance-y-recomendaciones\/#primaryimage","url":"https:\/\/www.grade.org.pe\/creer\/archivos\/portada-aprendo-en-casa-VF-scaled.jpg","contentUrl":"https:\/\/www.grade.org.pe\/creer\/archivos\/portada-aprendo-en-casa-VF-scaled.jpg","width":1721,"height":2560},{"@type":"BreadcrumbList","@id":"https:\/\/www.grade.org.pe\/creer\/recurso\/aprendo-en-casa-balance-y-recomendaciones\/#breadcrumb","itemListElement":[{"@type":"ListItem","position":1,"name":"Portada","item":"https:\/\/www.grade.org.pe\/creer\/"},{"@type":"ListItem","position":2,"name":"Recursos","item":"https:\/\/www.grade.org.pe\/creer\/recursos\/"},{"@type":"ListItem","position":3,"name":"Aprendo en Casa: balance y recomendaciones"}]},{"@type":"WebSite","@id":"https:\/\/www.grade.org.pe\/creer\/#website","url":"https:\/\/www.grade.org.pe\/creer\/","name":"Proyecto CREER","description":"Creciendo con las Escuelas Rurales Multigrado del Per\u00fa","publisher":{"@id":"https:\/\/www.grade.org.pe\/creer\/#organization"},"potentialAction":[{"@type":"SearchAction","target":{"@type":"EntryPoint","urlTemplate":"https:\/\/www.grade.org.pe\/creer\/?s={search_term_string}"},"query-input":{"@type":"PropertyValueSpecification","valueRequired":true,"valueName":"search_term_string"}}],"inLanguage":"es"},{"@type":"Organization","@id":"https:\/\/www.grade.org.pe\/creer\/#organization","name":"Proyecto CREER","url":"https:\/\/www.grade.org.pe\/creer\/","logo":{"@type":"ImageObject","inLanguage":"es","@id":"https:\/\/www.grade.org.pe\/creer\/#\/schema\/logo\/image\/","url":"https:\/\/www.grade.org.pe\/creer\/archivos\/logo-creer.png","contentUrl":"https:\/\/www.grade.org.pe\/creer\/archivos\/logo-creer.png","width":802,"height":258,"caption":"Proyecto CREER"},"image":{"@id":"https:\/\/www.grade.org.pe\/creer\/#\/schema\/logo\/image\/"},"sameAs":["https:\/\/www.facebook.com\/creergrade\/"]}]}},"_links":{"self":[{"href":"https:\/\/www.grade.org.pe\/creer\/wp-json\/wp\/v2\/recurso\/2052","targetHints":{"allow":["GET"]}}],"collection":[{"href":"https:\/\/www.grade.org.pe\/creer\/wp-json\/wp\/v2\/recurso"}],"about":[{"href":"https:\/\/www.grade.org.pe\/creer\/wp-json\/wp\/v2\/types\/recurso"}],"version-history":[{"count":1,"href":"https:\/\/www.grade.org.pe\/creer\/wp-json\/wp\/v2\/recurso\/2052\/revisions"}],"predecessor-version":[{"id":2755,"href":"https:\/\/www.grade.org.pe\/creer\/wp-json\/wp\/v2\/recurso\/2052\/revisions\/2755"}],"wp:featuredmedia":[{"embeddable":true,"href":"https:\/\/www.grade.org.pe\/creer\/wp-json\/wp\/v2\/media\/2054"}],"wp:attachment":[{"href":"https:\/\/www.grade.org.pe\/creer\/wp-json\/wp\/v2\/media?parent=2052"}],"wp:term":[{"taxonomy":"tema","embeddable":true,"href":"https:\/\/www.grade.org.pe\/creer\/wp-json\/wp\/v2\/tema?post=2052"},{"taxonomy":"tipo","embeddable":true,"href":"https:\/\/www.grade.org.pe\/creer\/wp-json\/wp\/v2\/tipo?post=2052"}],"curies":[{"name":"wp","href":"https:\/\/api.w.org\/{rel}","templated":true}]}}

<p>En marzo del 2020, el gobierno peruano debió declarar una emergencia sanitaria que, entre otras medidas, forzaba el distanciamiento social y el cierre de las escuelas. Lo que en un inicio se pensó que sería un cierre temporal, duró todo el año escolar 2020 y alcanza lo que va del 2021. En un esfuerzo sin precedentes por sostener el servicio educativo, el Ministerio de Educación, bajo el liderazgo entonces de Martín Benavides, inició en ese mismo mes de marzo la construcción de la estrategia Aprendo en Casa. En este primer momento, y en consonancia con el conocimiento nacional e internacional que había sobre el covid-19, Aprendo en Casa nacía como un plan de emergencia. Ahora sabemos que es necesario institucionalizarla. Los autores de este estudio, Ana Patricia Andrade y Luis Alfredo Guerrero, confían en que las ideas y los planteamientos expuestos en este documento sean de ayuda para la deliberación —y, finalmente, la toma de decisiones— que debe producirse tanto en Minedu como en las regiones, localidades e instituciones educativas, así como entre los diversos actores vinculados con la garantía del derecho a la educación para fortalecer y adaptar la estrategia para que sea útil tanto en el tiempo de pandemia como en el momento del retorno y la vigencia de lo que debería ser una nueva presencialidad.</p>

<!-- This site is optimized with the Yoast SEO plugin v26.9 - https://yoast.com/product/yoast-seo-wordpress/ -->
<title>Aprendo en Casa: balance y recomendaciones</title>
<meta name="robots" content="index, follow, max-snippet:-1, max-image-preview:large, max-video-preview:-1" />
<link rel="canonical" href="https://www.grade.org.pe/creer/recurso/aprendo-en-casa-balance-y-recomendaciones/" />
<meta property="og:locale" content="es_ES" />
<meta property="og:type" content="article" />
<meta property="og:title" content="Aprendo en Casa: balance y recomendaciones" />
<meta property="og:description" content="En marzo del 2020, el gobierno peruano debió declarar una emergencia sanitaria que, entre otras medidas, forzaba el distanciamiento social y el cierre de las escuelas. Lo que en un inicio se pensó que sería un cierre temporal, duró todo el año escolar 2020 y alcanza lo que va del 2021. En un esfuerzo sin [&hellip;]" />
<meta property="og:url" content="https://www.grade.org.pe/creer/recurso/aprendo-en-casa-balance-y-recomendaciones/" />
<meta property="og:site_name" content="Proyecto CREER" />
<meta property="article:publisher" content="https://www.facebook.com/creergrade/" />
<meta property="article:modified_time" content="2022-09-28T20:28:49+00:00" />
<meta property="og:image" content="https://www.grade.org.pe/creer/archivos/portada-aprendo-en-casa-VF-scaled.jpg" />
	<meta property="og:image:width" content="1721" />
	<meta property="og:image:height" content="2560" />
	<meta property="og:image:type" content="image/jpeg" />
<meta name="twitter:card" content="summary_large_image" />
<meta name="twitter:label1" content="Tiempo de lectura" />
	<meta name="twitter:data1" content="1 minuto" />
<script type="application/ld+json" class="yoast-schema-graph">{"@context":"https://schema.org","@graph":[{"@type":"WebPage","@id":"https://www.grade.org.pe/creer/recurso/aprendo-en-casa-balance-y-recomendaciones/","url":"https://www.grade.org.pe/creer/recurso/aprendo-en-casa-balance-y-recomendaciones/","name":"Aprendo en Casa: balance y recomendaciones","isPartOf":{"@id":"https://www.grade.org.pe/creer/#website"},"primaryImageOfPage":{"@id":"https://www.grade.org.pe/creer/recurso/aprendo-en-casa-balance-y-recomendaciones/#primaryimage"},"image":{"@id":"https://www.grade.org.pe/creer/recurso/aprendo-en-casa-balance-y-recomendaciones/#primaryimage"},"thumbnailUrl":"https://www.grade.org.pe/creer/archivos/portada-aprendo-en-casa-VF-scaled.jpg","datePublished":"2021-08-16T23:59:23+00:00","dateModified":"2022-09-28T20:28:49+00:00","breadcrumb":{"@id":"https://www.grade.org.pe/creer/recurso/aprendo-en-casa-balance-y-recomendaciones/#breadcrumb"},"inLanguage":"es","potentialAction":[{"@type":"ReadAction","target":["https://www.grade.org.pe/creer/recurso/aprendo-en-casa-balance-y-recomendaciones/"]}]},{"@type":"ImageObject","inLanguage":"es","@id":"https://www.grade.org.pe/creer/recurso/aprendo-en-casa-balance-y-recomendaciones/#primaryimage","url":"https://www.grade.org.pe/creer/archivos/portada-aprendo-en-casa-VF-scaled.jpg","contentUrl":"https://www.grade.org.pe/creer/archivos/portada-aprendo-en-casa-VF-scaled.jpg","width":1721,"height":2560},{"@type":"BreadcrumbList","@id":"https://www.grade.org.pe/creer/recurso/aprendo-en-casa-balance-y-recomendaciones/#breadcrumb","itemListElement":[{"@type":"ListItem","position":1,"name":"Portada","item":"https://www.grade.org.pe/creer/"},{"@type":"ListItem","position":2,"name":"Recursos","item":"https://www.grade.org.pe/creer/recursos/"},{"@type":"ListItem","position":3,"name":"Aprendo en Casa: balance y recomendaciones"}]},{"@type":"WebSite","@id":"https://www.grade.org.pe/creer/#website","url":"https://www.grade.org.pe/creer/","name":"Proyecto CREER","description":"Creciendo con las Escuelas Rurales Multigrado del Perú","publisher":{"@id":"https://www.grade.org.pe/creer/#organization"},"potentialAction":[{"@type":"SearchAction","target":{"@type":"EntryPoint","urlTemplate":"https://www.grade.org.pe/creer/?s={search_term_string}"},"query-input":{"@type":"PropertyValueSpecification","valueRequired":true,"valueName":"search_term_string"}}],"inLanguage":"es"},{"@type":"Organization","@id":"https://www.grade.org.pe/creer/#organization","name":"Proyecto CREER","url":"https://www.grade.org.pe/creer/","logo":{"@type":"ImageObject","inLanguage":"es","@id":"https://www.grade.org.pe/creer/#/schema/logo/image/","url":"https://www.grade.org.pe/creer/archivos/logo-creer.png","contentUrl":"https://www.grade.org.pe/creer/archivos/logo-creer.png","width":802,"height":258,"caption":"Proyecto CREER"},"image":{"@id":"https://www.grade.org.pe/creer/#/schema/logo/image/"},"sameAs":["https://www.facebook.com/creergrade/"]}]}</script>
<!-- / Yoast SEO plugin. -->

En marzo del 2020, el gobierno peruano debió declarar una emergencia sanitaria que, entre otras medidas, forzaba el distanciamiento social y el cierre de las escuelas. Lo que en un inicio se pensó que sería un cierre temporal, duró todo el año escolar 2020 y alcanza lo que va del 2021. En un esfuerzo sin [&hellip;]

Creciendo con las Escuelas Rurales Multigrado del Perú
