{"id":1751,"date":"2010-04-18T19:56:22","date_gmt":"2010-04-19T00:56:22","guid":{"rendered":"http:\/\/www.grade.org.pe\/creer\/?post_type=recurso&#038;p=1751"},"modified":"2022-11-21T11:50:46","modified_gmt":"2022-11-21T16:50:46","slug":"escuela-rural-mexicana","status":"publish","type":"recurso","link":"https:\/\/www.grade.org.pe\/creer\/recurso\/escuela-rural-mexicana\/","title":{"rendered":"La escuela rural mexicana"},"content":{"rendered":"<p>Corto documental sobre historia de la educaci\u00f3n rural mexicana desde fines del siglo XIX y post Revoluci\u00f3n Mexicana, con especial referencia a sus contenidos y metodolog\u00edas, as\u00ed como el perfil y formaci\u00f3n de sus docentes, producido por alumnos del curso \u00abPol\u00edticas Educativas\u00bb de la Maestra Gabriela Alquicirez Ram\u00edrez, del programa de Licenciatura en Ciencias de la Educaci\u00f3n de la Universidad Aut\u00f3noma del Estado de Hidalgo.<\/p>\n","protected":false},"featured_media":1752,"parent":0,"template":"","tema":[230,153,184],"tipo":[31],"class_list":["post-1751","recurso","type-recurso","status-publish","has-post-thumbnail","hentry","tema-docentes","tema-escuela-rural","tema-politicas-educativas","tipo-videos-promocionales-o-testimoniales"],"acf":[],"yoast_head":"<!-- This site is optimized with the Yoast SEO plugin v26.9 - https:\/\/yoast.com\/product\/yoast-seo-wordpress\/ -->\n<title>La escuela rural mexicana<\/title>\n<meta name=\"robots\" content=\"index, follow, max-snippet:-1, max-image-preview:large, max-video-preview:-1\" \/>\n<link rel=\"canonical\" href=\"https:\/\/www.grade.org.pe\/creer\/recurso\/escuela-rural-mexicana\/\" \/>\n<meta property=\"og:locale\" content=\"es_ES\" \/>\n<meta property=\"og:type\" content=\"article\" \/>\n<meta property=\"og:title\" content=\"La escuela rural mexicana\" \/>\n<meta property=\"og:description\" content=\"Corto documental sobre historia de la educaci\u00f3n rural mexicana desde fines del siglo XIX y post Revoluci\u00f3n Mexicana, con especial referencia a sus contenidos y metodolog\u00edas, as\u00ed como el perfil y formaci\u00f3n de sus docentes, producido por alumnos del curso \u00abPol\u00edticas Educativas\u00bb de la Maestra Gabriela Alquicirez Ram\u00edrez, del programa de Licenciatura en Ciencias de [&hellip;]\" \/>\n<meta property=\"og:url\" content=\"https:\/\/www.grade.org.pe\/creer\/recurso\/escuela-rural-mexicana\/\" \/>\n<meta property=\"og:site_name\" content=\"Proyecto CREER\" \/>\n<meta property=\"article:publisher\" content=\"https:\/\/www.facebook.com\/creergrade\/\" \/>\n<meta property=\"article:modified_time\" content=\"2022-11-21T16:50:46+00:00\" \/>\n<meta property=\"og:image\" content=\"https:\/\/www.grade.org.pe\/creer\/archivos\/car\u00e1tula-video-La-Escuela-Rural-Mexicana.jpg\" \/>\n\t<meta property=\"og:image:width\" content=\"729\" \/>\n\t<meta property=\"og:image:height\" content=\"490\" \/>\n\t<meta property=\"og:image:type\" content=\"image\/jpeg\" \/>\n<meta name=\"twitter:card\" content=\"summary_large_image\" \/>\n<script type=\"application\/ld+json\" class=\"yoast-schema-graph\">{\"@context\":\"https:\/\/schema.org\",\"@graph\":[{\"@type\":\"WebPage\",\"@id\":\"https:\/\/www.grade.org.pe\/creer\/recurso\/escuela-rural-mexicana\/\",\"url\":\"https:\/\/www.grade.org.pe\/creer\/recurso\/escuela-rural-mexicana\/\",\"name\":\"La escuela rural mexicana\",\"isPartOf\":{\"@id\":\"https:\/\/www.grade.org.pe\/creer\/#website\"},\"primaryImageOfPage\":{\"@id\":\"https:\/\/www.grade.org.pe\/creer\/recurso\/escuela-rural-mexicana\/#primaryimage\"},\"image\":{\"@id\":\"https:\/\/www.grade.org.pe\/creer\/recurso\/escuela-rural-mexicana\/#primaryimage\"},\"thumbnailUrl\":\"https:\/\/www.grade.org.pe\/creer\/archivos\/car\u00e1tula-video-La-Escuela-Rural-Mexicana.jpg\",\"datePublished\":\"2010-04-19T00:56:22+00:00\",\"dateModified\":\"2022-11-21T16:50:46+00:00\",\"breadcrumb\":{\"@id\":\"https:\/\/www.grade.org.pe\/creer\/recurso\/escuela-rural-mexicana\/#breadcrumb\"},\"inLanguage\":\"es\",\"potentialAction\":[{\"@type\":\"ReadAction\",\"target\":[\"https:\/\/www.grade.org.pe\/creer\/recurso\/escuela-rural-mexicana\/\"]}]},{\"@type\":\"ImageObject\",\"inLanguage\":\"es\",\"@id\":\"https:\/\/www.grade.org.pe\/creer\/recurso\/escuela-rural-mexicana\/#primaryimage\",\"url\":\"https:\/\/www.grade.org.pe\/creer\/archivos\/car\u00e1tula-video-La-Escuela-Rural-Mexicana.jpg\",\"contentUrl\":\"https:\/\/www.grade.org.pe\/creer\/archivos\/car\u00e1tula-video-La-Escuela-Rural-Mexicana.jpg\",\"width\":729,\"height\":490},{\"@type\":\"BreadcrumbList\",\"@id\":\"https:\/\/www.grade.org.pe\/creer\/recurso\/escuela-rural-mexicana\/#breadcrumb\",\"itemListElement\":[{\"@type\":\"ListItem\",\"position\":1,\"name\":\"Portada\",\"item\":\"https:\/\/www.grade.org.pe\/creer\/\"},{\"@type\":\"ListItem\",\"position\":2,\"name\":\"Recursos\",\"item\":\"https:\/\/www.grade.org.pe\/creer\/recursos\/\"},{\"@type\":\"ListItem\",\"position\":3,\"name\":\"La escuela rural mexicana\"}]},{\"@type\":\"WebSite\",\"@id\":\"https:\/\/www.grade.org.pe\/creer\/#website\",\"url\":\"https:\/\/www.grade.org.pe\/creer\/\",\"name\":\"Proyecto CREER\",\"description\":\"Creciendo con las Escuelas Rurales Multigrado del Per\u00fa\",\"publisher\":{\"@id\":\"https:\/\/www.grade.org.pe\/creer\/#organization\"},\"potentialAction\":[{\"@type\":\"SearchAction\",\"target\":{\"@type\":\"EntryPoint\",\"urlTemplate\":\"https:\/\/www.grade.org.pe\/creer\/?s={search_term_string}\"},\"query-input\":{\"@type\":\"PropertyValueSpecification\",\"valueRequired\":true,\"valueName\":\"search_term_string\"}}],\"inLanguage\":\"es\"},{\"@type\":\"Organization\",\"@id\":\"https:\/\/www.grade.org.pe\/creer\/#organization\",\"name\":\"Proyecto CREER\",\"url\":\"https:\/\/www.grade.org.pe\/creer\/\",\"logo\":{\"@type\":\"ImageObject\",\"inLanguage\":\"es\",\"@id\":\"https:\/\/www.grade.org.pe\/creer\/#\/schema\/logo\/image\/\",\"url\":\"https:\/\/www.grade.org.pe\/creer\/archivos\/logo-creer.png\",\"contentUrl\":\"https:\/\/www.grade.org.pe\/creer\/archivos\/logo-creer.png\",\"width\":802,\"height\":258,\"caption\":\"Proyecto CREER\"},\"image\":{\"@id\":\"https:\/\/www.grade.org.pe\/creer\/#\/schema\/logo\/image\/\"},\"sameAs\":[\"https:\/\/www.facebook.com\/creergrade\/\"]}]}<\/script>\n<!-- \/ Yoast SEO plugin. -->","yoast_head_json":{"title":"La escuela rural mexicana","robots":{"index":"index","follow":"follow","max-snippet":"max-snippet:-1","max-image-preview":"max-image-preview:large","max-video-preview":"max-video-preview:-1"},"canonical":"https:\/\/www.grade.org.pe\/creer\/recurso\/escuela-rural-mexicana\/","og_locale":"es_ES","og_type":"article","og_title":"La escuela rural mexicana","og_description":"Corto documental sobre historia de la educaci\u00f3n rural mexicana desde fines del siglo XIX y post Revoluci\u00f3n Mexicana, con especial referencia a sus contenidos y metodolog\u00edas, as\u00ed como el perfil y formaci\u00f3n de sus docentes, producido por alumnos del curso \u00abPol\u00edticas Educativas\u00bb de la Maestra Gabriela Alquicirez Ram\u00edrez, del programa de Licenciatura en Ciencias de [&hellip;]","og_url":"https:\/\/www.grade.org.pe\/creer\/recurso\/escuela-rural-mexicana\/","og_site_name":"Proyecto CREER","article_publisher":"https:\/\/www.facebook.com\/creergrade\/","article_modified_time":"2022-11-21T16:50:46+00:00","og_image":[{"width":729,"height":490,"url":"https:\/\/www.grade.org.pe\/creer\/archivos\/car\u00e1tula-video-La-Escuela-Rural-Mexicana.jpg","type":"image\/jpeg"}],"twitter_card":"summary_large_image","schema":{"@context":"https:\/\/schema.org","@graph":[{"@type":"WebPage","@id":"https:\/\/www.grade.org.pe\/creer\/recurso\/escuela-rural-mexicana\/","url":"https:\/\/www.grade.org.pe\/creer\/recurso\/escuela-rural-mexicana\/","name":"La escuela rural mexicana","isPartOf":{"@id":"https:\/\/www.grade.org.pe\/creer\/#website"},"primaryImageOfPage":{"@id":"https:\/\/www.grade.org.pe\/creer\/recurso\/escuela-rural-mexicana\/#primaryimage"},"image":{"@id":"https:\/\/www.grade.org.pe\/creer\/recurso\/escuela-rural-mexicana\/#primaryimage"},"thumbnailUrl":"https:\/\/www.grade.org.pe\/creer\/archivos\/car\u00e1tula-video-La-Escuela-Rural-Mexicana.jpg","datePublished":"2010-04-19T00:56:22+00:00","dateModified":"2022-11-21T16:50:46+00:00","breadcrumb":{"@id":"https:\/\/www.grade.org.pe\/creer\/recurso\/escuela-rural-mexicana\/#breadcrumb"},"inLanguage":"es","potentialAction":[{"@type":"ReadAction","target":["https:\/\/www.grade.org.pe\/creer\/recurso\/escuela-rural-mexicana\/"]}]},{"@type":"ImageObject","inLanguage":"es","@id":"https:\/\/www.grade.org.pe\/creer\/recurso\/escuela-rural-mexicana\/#primaryimage","url":"https:\/\/www.grade.org.pe\/creer\/archivos\/car\u00e1tula-video-La-Escuela-Rural-Mexicana.jpg","contentUrl":"https:\/\/www.grade.org.pe\/creer\/archivos\/car\u00e1tula-video-La-Escuela-Rural-Mexicana.jpg","width":729,"height":490},{"@type":"BreadcrumbList","@id":"https:\/\/www.grade.org.pe\/creer\/recurso\/escuela-rural-mexicana\/#breadcrumb","itemListElement":[{"@type":"ListItem","position":1,"name":"Portada","item":"https:\/\/www.grade.org.pe\/creer\/"},{"@type":"ListItem","position":2,"name":"Recursos","item":"https:\/\/www.grade.org.pe\/creer\/recursos\/"},{"@type":"ListItem","position":3,"name":"La escuela rural mexicana"}]},{"@type":"WebSite","@id":"https:\/\/www.grade.org.pe\/creer\/#website","url":"https:\/\/www.grade.org.pe\/creer\/","name":"Proyecto CREER","description":"Creciendo con las Escuelas Rurales Multigrado del Per\u00fa","publisher":{"@id":"https:\/\/www.grade.org.pe\/creer\/#organization"},"potentialAction":[{"@type":"SearchAction","target":{"@type":"EntryPoint","urlTemplate":"https:\/\/www.grade.org.pe\/creer\/?s={search_term_string}"},"query-input":{"@type":"PropertyValueSpecification","valueRequired":true,"valueName":"search_term_string"}}],"inLanguage":"es"},{"@type":"Organization","@id":"https:\/\/www.grade.org.pe\/creer\/#organization","name":"Proyecto CREER","url":"https:\/\/www.grade.org.pe\/creer\/","logo":{"@type":"ImageObject","inLanguage":"es","@id":"https:\/\/www.grade.org.pe\/creer\/#\/schema\/logo\/image\/","url":"https:\/\/www.grade.org.pe\/creer\/archivos\/logo-creer.png","contentUrl":"https:\/\/www.grade.org.pe\/creer\/archivos\/logo-creer.png","width":802,"height":258,"caption":"Proyecto CREER"},"image":{"@id":"https:\/\/www.grade.org.pe\/creer\/#\/schema\/logo\/image\/"},"sameAs":["https:\/\/www.facebook.com\/creergrade\/"]}]}},"_links":{"self":[{"href":"https:\/\/www.grade.org.pe\/creer\/wp-json\/wp\/v2\/recurso\/1751","targetHints":{"allow":["GET"]}}],"collection":[{"href":"https:\/\/www.grade.org.pe\/creer\/wp-json\/wp\/v2\/recurso"}],"about":[{"href":"https:\/\/www.grade.org.pe\/creer\/wp-json\/wp\/v2\/types\/recurso"}],"version-history":[{"count":0,"href":"https:\/\/www.grade.org.pe\/creer\/wp-json\/wp\/v2\/recurso\/1751\/revisions"}],"wp:featuredmedia":[{"embeddable":true,"href":"https:\/\/www.grade.org.pe\/creer\/wp-json\/wp\/v2\/media\/1752"}],"wp:attachment":[{"href":"https:\/\/www.grade.org.pe\/creer\/wp-json\/wp\/v2\/media?parent=1751"}],"wp:term":[{"taxonomy":"tema","embeddable":true,"href":"https:\/\/www.grade.org.pe\/creer\/wp-json\/wp\/v2\/tema?post=1751"},{"taxonomy":"tipo","embeddable":true,"href":"https:\/\/www.grade.org.pe\/creer\/wp-json\/wp\/v2\/tipo?post=1751"}],"curies":[{"name":"wp","href":"https:\/\/api.w.org\/{rel}","templated":true}]}}

<p>Corto documental sobre historia de la educación rural mexicana desde fines del siglo XIX y post Revolución Mexicana, con especial referencia a sus contenidos y metodologías, así como el perfil y formación de sus docentes, producido por alumnos del curso «Políticas Educativas» de la Maestra Gabriela Alquicirez Ramírez, del programa de Licenciatura en Ciencias de la Educación de la Universidad Autónoma del Estado de Hidalgo.</p>

<!-- This site is optimized with the Yoast SEO plugin v26.9 - https://yoast.com/product/yoast-seo-wordpress/ -->
<title>La escuela rural mexicana</title>
<meta name="robots" content="index, follow, max-snippet:-1, max-image-preview:large, max-video-preview:-1" />
<link rel="canonical" href="https://www.grade.org.pe/creer/recurso/escuela-rural-mexicana/" />
<meta property="og:locale" content="es_ES" />
<meta property="og:type" content="article" />
<meta property="og:title" content="La escuela rural mexicana" />
<meta property="og:description" content="Corto documental sobre historia de la educación rural mexicana desde fines del siglo XIX y post Revolución Mexicana, con especial referencia a sus contenidos y metodologías, así como el perfil y formación de sus docentes, producido por alumnos del curso «Políticas Educativas» de la Maestra Gabriela Alquicirez Ramírez, del programa de Licenciatura en Ciencias de [&hellip;]" />
<meta property="og:url" content="https://www.grade.org.pe/creer/recurso/escuela-rural-mexicana/" />
<meta property="og:site_name" content="Proyecto CREER" />
<meta property="article:publisher" content="https://www.facebook.com/creergrade/" />
<meta property="article:modified_time" content="2022-11-21T16:50:46+00:00" />
<meta property="og:image" content="https://www.grade.org.pe/creer/archivos/carátula-video-La-Escuela-Rural-Mexicana.jpg" />
	<meta property="og:image:width" content="729" />
	<meta property="og:image:height" content="490" />
	<meta property="og:image:type" content="image/jpeg" />
<meta name="twitter:card" content="summary_large_image" />
<script type="application/ld+json" class="yoast-schema-graph">{"@context":"https://schema.org","@graph":[{"@type":"WebPage","@id":"https://www.grade.org.pe/creer/recurso/escuela-rural-mexicana/","url":"https://www.grade.org.pe/creer/recurso/escuela-rural-mexicana/","name":"La escuela rural mexicana","isPartOf":{"@id":"https://www.grade.org.pe/creer/#website"},"primaryImageOfPage":{"@id":"https://www.grade.org.pe/creer/recurso/escuela-rural-mexicana/#primaryimage"},"image":{"@id":"https://www.grade.org.pe/creer/recurso/escuela-rural-mexicana/#primaryimage"},"thumbnailUrl":"https://www.grade.org.pe/creer/archivos/carátula-video-La-Escuela-Rural-Mexicana.jpg","datePublished":"2010-04-19T00:56:22+00:00","dateModified":"2022-11-21T16:50:46+00:00","breadcrumb":{"@id":"https://www.grade.org.pe/creer/recurso/escuela-rural-mexicana/#breadcrumb"},"inLanguage":"es","potentialAction":[{"@type":"ReadAction","target":["https://www.grade.org.pe/creer/recurso/escuela-rural-mexicana/"]}]},{"@type":"ImageObject","inLanguage":"es","@id":"https://www.grade.org.pe/creer/recurso/escuela-rural-mexicana/#primaryimage","url":"https://www.grade.org.pe/creer/archivos/carátula-video-La-Escuela-Rural-Mexicana.jpg","contentUrl":"https://www.grade.org.pe/creer/archivos/carátula-video-La-Escuela-Rural-Mexicana.jpg","width":729,"height":490},{"@type":"BreadcrumbList","@id":"https://www.grade.org.pe/creer/recurso/escuela-rural-mexicana/#breadcrumb","itemListElement":[{"@type":"ListItem","position":1,"name":"Portada","item":"https://www.grade.org.pe/creer/"},{"@type":"ListItem","position":2,"name":"Recursos","item":"https://www.grade.org.pe/creer/recursos/"},{"@type":"ListItem","position":3,"name":"La escuela rural mexicana"}]},{"@type":"WebSite","@id":"https://www.grade.org.pe/creer/#website","url":"https://www.grade.org.pe/creer/","name":"Proyecto CREER","description":"Creciendo con las Escuelas Rurales Multigrado del Perú","publisher":{"@id":"https://www.grade.org.pe/creer/#organization"},"potentialAction":[{"@type":"SearchAction","target":{"@type":"EntryPoint","urlTemplate":"https://www.grade.org.pe/creer/?s={search_term_string}"},"query-input":{"@type":"PropertyValueSpecification","valueRequired":true,"valueName":"search_term_string"}}],"inLanguage":"es"},{"@type":"Organization","@id":"https://www.grade.org.pe/creer/#organization","name":"Proyecto CREER","url":"https://www.grade.org.pe/creer/","logo":{"@type":"ImageObject","inLanguage":"es","@id":"https://www.grade.org.pe/creer/#/schema/logo/image/","url":"https://www.grade.org.pe/creer/archivos/logo-creer.png","contentUrl":"https://www.grade.org.pe/creer/archivos/logo-creer.png","width":802,"height":258,"caption":"Proyecto CREER"},"image":{"@id":"https://www.grade.org.pe/creer/#/schema/logo/image/"},"sameAs":["https://www.facebook.com/creergrade/"]}]}</script>
<!-- / Yoast SEO plugin. -->

Corto documental sobre historia de la educación rural mexicana desde fines del siglo XIX y post Revolución Mexicana, con especial referencia a sus contenidos y metodologías, así como el perfil y formación de sus docentes, producido por alumnos del curso «Políticas Educativas» de la Maestra Gabriela Alquicirez Ramírez, del programa de Licenciatura en Ciencias de [&hellip;]

https://www.grade.org.pe/creer/archivos/carátula-video-La-Escuela-Rural-Mexicana.jpg

Creciendo con las Escuelas Rurales Multigrado del Perú
