{"id":1530,"date":"2020-11-24T13:31:51","date_gmt":"2020-11-24T18:31:51","guid":{"rendered":"http:\/\/www.grade.org.pe\/creer\/?post_type=recurso&#038;p=1530"},"modified":"2022-12-01T18:50:51","modified_gmt":"2022-12-01T23:50:51","slug":"guia-para-la-prevencion-de-la-violencia-de-genero-en-las-instituciones-educativas","status":"publish","type":"recurso","link":"https:\/\/www.grade.org.pe\/creer\/recurso\/guia-para-la-prevencion-de-la-violencia-de-genero-en-las-instituciones-educativas\/","title":{"rendered":"Gu\u00eda para la prevenci\u00f3n de la violencia de g\u00e9nero en las instituciones educativas"},"content":{"rendered":"<p>El Ministerio de Educaci\u00f3n del Per\u00fa ha elaborado la Gu\u00eda para la prevenci\u00f3n de la violencia de g\u00e9nero en las instituciones educativas, dirigida a docentes de educaci\u00f3n inicial, primaria y secundaria de Educaci\u00f3n B\u00e1sica Regular.\u00a0La violencia de g\u00e9nero es toda violencia f\u00edsica, psicol\u00f3gica, sexual o econ\u00f3mica que se basa en estereotipos o etiquetas sociales sobre el rol que debe cumplir una mujer o un hombre en la sociedad. En contextos de emergencia, la violencia de g\u00e9nero se incrementa contra las personas que presentan mayor situaci\u00f3n de vulnerabilidad, como ni\u00f1as, ni\u00f1os y adolescentes. Por ello, es fundamental implementar estrategias y acciones que contribuyan a su prevenci\u00f3n y erradicaci\u00f3n, esta gu\u00eda tiene el prop\u00f3sito de compartir informaci\u00f3n clave para ello.<\/p>\n","protected":false},"featured_media":1531,"parent":0,"template":"","tema":[129,287,148,180,188],"tipo":[22],"class_list":["post-1530","recurso","type-recurso","status-publish","has-post-thumbnail","hentry","tema-bienestar-del-estudiante","tema-convivencia-autoridad-disciplina-y-violencia","tema-educacion-sexual","tema-orientaciones-o-lineamientos-pedagogicos","tema-roles-de-genero","tipo-lineamientos-orientaciones-guias-para-docentes"],"acf":[],"yoast_head":"<!-- This site is optimized with the Yoast SEO plugin v26.9 - https:\/\/yoast.com\/product\/yoast-seo-wordpress\/ -->\n<title>Gu\u00eda para la prevenci\u00f3n de la violencia de g\u00e9nero en las instituciones educativas<\/title>\n<meta name=\"robots\" content=\"index, follow, max-snippet:-1, max-image-preview:large, max-video-preview:-1\" \/>\n<link rel=\"canonical\" href=\"https:\/\/www.grade.org.pe\/creer\/recurso\/guia-para-la-prevencion-de-la-violencia-de-genero-en-las-instituciones-educativas\/\" \/>\n<meta property=\"og:locale\" content=\"es_ES\" \/>\n<meta property=\"og:type\" content=\"article\" \/>\n<meta property=\"og:title\" content=\"Gu\u00eda para la prevenci\u00f3n de la violencia de g\u00e9nero en las instituciones educativas\" \/>\n<meta property=\"og:description\" content=\"El Ministerio de Educaci\u00f3n del Per\u00fa ha elaborado la Gu\u00eda para la prevenci\u00f3n de la violencia de g\u00e9nero en las instituciones educativas, dirigida a docentes de educaci\u00f3n inicial, primaria y secundaria de Educaci\u00f3n B\u00e1sica Regular.\u00a0La violencia de g\u00e9nero es toda violencia f\u00edsica, psicol\u00f3gica, sexual o econ\u00f3mica que se basa en estereotipos o etiquetas sociales sobre [&hellip;]\" \/>\n<meta property=\"og:url\" content=\"https:\/\/www.grade.org.pe\/creer\/recurso\/guia-para-la-prevencion-de-la-violencia-de-genero-en-las-instituciones-educativas\/\" \/>\n<meta property=\"og:site_name\" content=\"Proyecto CREER\" \/>\n<meta property=\"article:publisher\" content=\"https:\/\/www.facebook.com\/creergrade\/\" \/>\n<meta property=\"article:modified_time\" content=\"2022-12-01T23:50:51+00:00\" \/>\n<meta property=\"og:image\" content=\"https:\/\/www.grade.org.pe\/creer\/archivos\/caratula-guia-violencia-genero.png\" \/>\n\t<meta property=\"og:image:width\" content=\"713\" \/>\n\t<meta property=\"og:image:height\" content=\"627\" \/>\n\t<meta property=\"og:image:type\" content=\"image\/png\" \/>\n<meta name=\"twitter:card\" content=\"summary_large_image\" \/>\n<meta name=\"twitter:label1\" content=\"Tiempo de lectura\" \/>\n\t<meta name=\"twitter:data1\" content=\"1 minuto\" \/>\n<script type=\"application\/ld+json\" class=\"yoast-schema-graph\">{\"@context\":\"https:\/\/schema.org\",\"@graph\":[{\"@type\":\"WebPage\",\"@id\":\"https:\/\/www.grade.org.pe\/creer\/recurso\/guia-para-la-prevencion-de-la-violencia-de-genero-en-las-instituciones-educativas\/\",\"url\":\"https:\/\/www.grade.org.pe\/creer\/recurso\/guia-para-la-prevencion-de-la-violencia-de-genero-en-las-instituciones-educativas\/\",\"name\":\"Gu\u00eda para la prevenci\u00f3n de la violencia de g\u00e9nero en las instituciones educativas\",\"isPartOf\":{\"@id\":\"https:\/\/www.grade.org.pe\/creer\/#website\"},\"primaryImageOfPage\":{\"@id\":\"https:\/\/www.grade.org.pe\/creer\/recurso\/guia-para-la-prevencion-de-la-violencia-de-genero-en-las-instituciones-educativas\/#primaryimage\"},\"image\":{\"@id\":\"https:\/\/www.grade.org.pe\/creer\/recurso\/guia-para-la-prevencion-de-la-violencia-de-genero-en-las-instituciones-educativas\/#primaryimage\"},\"thumbnailUrl\":\"https:\/\/www.grade.org.pe\/creer\/archivos\/caratula-guia-violencia-genero.png\",\"datePublished\":\"2020-11-24T18:31:51+00:00\",\"dateModified\":\"2022-12-01T23:50:51+00:00\",\"breadcrumb\":{\"@id\":\"https:\/\/www.grade.org.pe\/creer\/recurso\/guia-para-la-prevencion-de-la-violencia-de-genero-en-las-instituciones-educativas\/#breadcrumb\"},\"inLanguage\":\"es\",\"potentialAction\":[{\"@type\":\"ReadAction\",\"target\":[\"https:\/\/www.grade.org.pe\/creer\/recurso\/guia-para-la-prevencion-de-la-violencia-de-genero-en-las-instituciones-educativas\/\"]}]},{\"@type\":\"ImageObject\",\"inLanguage\":\"es\",\"@id\":\"https:\/\/www.grade.org.pe\/creer\/recurso\/guia-para-la-prevencion-de-la-violencia-de-genero-en-las-instituciones-educativas\/#primaryimage\",\"url\":\"https:\/\/www.grade.org.pe\/creer\/archivos\/caratula-guia-violencia-genero.png\",\"contentUrl\":\"https:\/\/www.grade.org.pe\/creer\/archivos\/caratula-guia-violencia-genero.png\",\"width\":713,\"height\":627},{\"@type\":\"BreadcrumbList\",\"@id\":\"https:\/\/www.grade.org.pe\/creer\/recurso\/guia-para-la-prevencion-de-la-violencia-de-genero-en-las-instituciones-educativas\/#breadcrumb\",\"itemListElement\":[{\"@type\":\"ListItem\",\"position\":1,\"name\":\"Portada\",\"item\":\"https:\/\/www.grade.org.pe\/creer\/\"},{\"@type\":\"ListItem\",\"position\":2,\"name\":\"Recursos\",\"item\":\"https:\/\/www.grade.org.pe\/creer\/recursos\/\"},{\"@type\":\"ListItem\",\"position\":3,\"name\":\"Gu\u00eda para la prevenci\u00f3n de la violencia de g\u00e9nero en las instituciones educativas\"}]},{\"@type\":\"WebSite\",\"@id\":\"https:\/\/www.grade.org.pe\/creer\/#website\",\"url\":\"https:\/\/www.grade.org.pe\/creer\/\",\"name\":\"Proyecto CREER\",\"description\":\"Creciendo con las Escuelas Rurales Multigrado del Per\u00fa\",\"publisher\":{\"@id\":\"https:\/\/www.grade.org.pe\/creer\/#organization\"},\"potentialAction\":[{\"@type\":\"SearchAction\",\"target\":{\"@type\":\"EntryPoint\",\"urlTemplate\":\"https:\/\/www.grade.org.pe\/creer\/?s={search_term_string}\"},\"query-input\":{\"@type\":\"PropertyValueSpecification\",\"valueRequired\":true,\"valueName\":\"search_term_string\"}}],\"inLanguage\":\"es\"},{\"@type\":\"Organization\",\"@id\":\"https:\/\/www.grade.org.pe\/creer\/#organization\",\"name\":\"Proyecto CREER\",\"url\":\"https:\/\/www.grade.org.pe\/creer\/\",\"logo\":{\"@type\":\"ImageObject\",\"inLanguage\":\"es\",\"@id\":\"https:\/\/www.grade.org.pe\/creer\/#\/schema\/logo\/image\/\",\"url\":\"https:\/\/www.grade.org.pe\/creer\/archivos\/logo-creer.png\",\"contentUrl\":\"https:\/\/www.grade.org.pe\/creer\/archivos\/logo-creer.png\",\"width\":802,\"height\":258,\"caption\":\"Proyecto CREER\"},\"image\":{\"@id\":\"https:\/\/www.grade.org.pe\/creer\/#\/schema\/logo\/image\/\"},\"sameAs\":[\"https:\/\/www.facebook.com\/creergrade\/\"]}]}<\/script>\n<!-- \/ Yoast SEO plugin. -->","yoast_head_json":{"title":"Gu\u00eda para la prevenci\u00f3n de la violencia de g\u00e9nero en las instituciones educativas","robots":{"index":"index","follow":"follow","max-snippet":"max-snippet:-1","max-image-preview":"max-image-preview:large","max-video-preview":"max-video-preview:-1"},"canonical":"https:\/\/www.grade.org.pe\/creer\/recurso\/guia-para-la-prevencion-de-la-violencia-de-genero-en-las-instituciones-educativas\/","og_locale":"es_ES","og_type":"article","og_title":"Gu\u00eda para la prevenci\u00f3n de la violencia de g\u00e9nero en las instituciones educativas","og_description":"El Ministerio de Educaci\u00f3n del Per\u00fa ha elaborado la Gu\u00eda para la prevenci\u00f3n de la violencia de g\u00e9nero en las instituciones educativas, dirigida a docentes de educaci\u00f3n inicial, primaria y secundaria de Educaci\u00f3n B\u00e1sica Regular.\u00a0La violencia de g\u00e9nero es toda violencia f\u00edsica, psicol\u00f3gica, sexual o econ\u00f3mica que se basa en estereotipos o etiquetas sociales sobre [&hellip;]","og_url":"https:\/\/www.grade.org.pe\/creer\/recurso\/guia-para-la-prevencion-de-la-violencia-de-genero-en-las-instituciones-educativas\/","og_site_name":"Proyecto CREER","article_publisher":"https:\/\/www.facebook.com\/creergrade\/","article_modified_time":"2022-12-01T23:50:51+00:00","og_image":[{"width":713,"height":627,"url":"https:\/\/www.grade.org.pe\/creer\/archivos\/caratula-guia-violencia-genero.png","type":"image\/png"}],"twitter_card":"summary_large_image","twitter_misc":{"Tiempo de lectura":"1 minuto"},"schema":{"@context":"https:\/\/schema.org","@graph":[{"@type":"WebPage","@id":"https:\/\/www.grade.org.pe\/creer\/recurso\/guia-para-la-prevencion-de-la-violencia-de-genero-en-las-instituciones-educativas\/","url":"https:\/\/www.grade.org.pe\/creer\/recurso\/guia-para-la-prevencion-de-la-violencia-de-genero-en-las-instituciones-educativas\/","name":"Gu\u00eda para la prevenci\u00f3n de la violencia de g\u00e9nero en las instituciones educativas","isPartOf":{"@id":"https:\/\/www.grade.org.pe\/creer\/#website"},"primaryImageOfPage":{"@id":"https:\/\/www.grade.org.pe\/creer\/recurso\/guia-para-la-prevencion-de-la-violencia-de-genero-en-las-instituciones-educativas\/#primaryimage"},"image":{"@id":"https:\/\/www.grade.org.pe\/creer\/recurso\/guia-para-la-prevencion-de-la-violencia-de-genero-en-las-instituciones-educativas\/#primaryimage"},"thumbnailUrl":"https:\/\/www.grade.org.pe\/creer\/archivos\/caratula-guia-violencia-genero.png","datePublished":"2020-11-24T18:31:51+00:00","dateModified":"2022-12-01T23:50:51+00:00","breadcrumb":{"@id":"https:\/\/www.grade.org.pe\/creer\/recurso\/guia-para-la-prevencion-de-la-violencia-de-genero-en-las-instituciones-educativas\/#breadcrumb"},"inLanguage":"es","potentialAction":[{"@type":"ReadAction","target":["https:\/\/www.grade.org.pe\/creer\/recurso\/guia-para-la-prevencion-de-la-violencia-de-genero-en-las-instituciones-educativas\/"]}]},{"@type":"ImageObject","inLanguage":"es","@id":"https:\/\/www.grade.org.pe\/creer\/recurso\/guia-para-la-prevencion-de-la-violencia-de-genero-en-las-instituciones-educativas\/#primaryimage","url":"https:\/\/www.grade.org.pe\/creer\/archivos\/caratula-guia-violencia-genero.png","contentUrl":"https:\/\/www.grade.org.pe\/creer\/archivos\/caratula-guia-violencia-genero.png","width":713,"height":627},{"@type":"BreadcrumbList","@id":"https:\/\/www.grade.org.pe\/creer\/recurso\/guia-para-la-prevencion-de-la-violencia-de-genero-en-las-instituciones-educativas\/#breadcrumb","itemListElement":[{"@type":"ListItem","position":1,"name":"Portada","item":"https:\/\/www.grade.org.pe\/creer\/"},{"@type":"ListItem","position":2,"name":"Recursos","item":"https:\/\/www.grade.org.pe\/creer\/recursos\/"},{"@type":"ListItem","position":3,"name":"Gu\u00eda para la prevenci\u00f3n de la violencia de g\u00e9nero en las instituciones educativas"}]},{"@type":"WebSite","@id":"https:\/\/www.grade.org.pe\/creer\/#website","url":"https:\/\/www.grade.org.pe\/creer\/","name":"Proyecto CREER","description":"Creciendo con las Escuelas Rurales Multigrado del Per\u00fa","publisher":{"@id":"https:\/\/www.grade.org.pe\/creer\/#organization"},"potentialAction":[{"@type":"SearchAction","target":{"@type":"EntryPoint","urlTemplate":"https:\/\/www.grade.org.pe\/creer\/?s={search_term_string}"},"query-input":{"@type":"PropertyValueSpecification","valueRequired":true,"valueName":"search_term_string"}}],"inLanguage":"es"},{"@type":"Organization","@id":"https:\/\/www.grade.org.pe\/creer\/#organization","name":"Proyecto CREER","url":"https:\/\/www.grade.org.pe\/creer\/","logo":{"@type":"ImageObject","inLanguage":"es","@id":"https:\/\/www.grade.org.pe\/creer\/#\/schema\/logo\/image\/","url":"https:\/\/www.grade.org.pe\/creer\/archivos\/logo-creer.png","contentUrl":"https:\/\/www.grade.org.pe\/creer\/archivos\/logo-creer.png","width":802,"height":258,"caption":"Proyecto CREER"},"image":{"@id":"https:\/\/www.grade.org.pe\/creer\/#\/schema\/logo\/image\/"},"sameAs":["https:\/\/www.facebook.com\/creergrade\/"]}]}},"_links":{"self":[{"href":"https:\/\/www.grade.org.pe\/creer\/wp-json\/wp\/v2\/recurso\/1530","targetHints":{"allow":["GET"]}}],"collection":[{"href":"https:\/\/www.grade.org.pe\/creer\/wp-json\/wp\/v2\/recurso"}],"about":[{"href":"https:\/\/www.grade.org.pe\/creer\/wp-json\/wp\/v2\/types\/recurso"}],"version-history":[{"count":0,"href":"https:\/\/www.grade.org.pe\/creer\/wp-json\/wp\/v2\/recurso\/1530\/revisions"}],"wp:featuredmedia":[{"embeddable":true,"href":"https:\/\/www.grade.org.pe\/creer\/wp-json\/wp\/v2\/media\/1531"}],"wp:attachment":[{"href":"https:\/\/www.grade.org.pe\/creer\/wp-json\/wp\/v2\/media?parent=1530"}],"wp:term":[{"taxonomy":"tema","embeddable":true,"href":"https:\/\/www.grade.org.pe\/creer\/wp-json\/wp\/v2\/tema?post=1530"},{"taxonomy":"tipo","embeddable":true,"href":"https:\/\/www.grade.org.pe\/creer\/wp-json\/wp\/v2\/tipo?post=1530"}],"curies":[{"name":"wp","href":"https:\/\/api.w.org\/{rel}","templated":true}]}}

Guía para la prevención de la violencia de género en las instituciones educativas

<p>El Ministerio de Educación del Perú ha elaborado la Guía para la prevención de la violencia de género en las instituciones educativas, dirigida a docentes de educación inicial, primaria y secundaria de Educación Básica Regular. La violencia de género es toda violencia física, psicológica, sexual o económica que se basa en estereotipos o etiquetas sociales sobre el rol que debe cumplir una mujer o un hombre en la sociedad. En contextos de emergencia, la violencia de género se incrementa contra las personas que presentan mayor situación de vulnerabilidad, como niñas, niños y adolescentes. Por ello, es fundamental implementar estrategias y acciones que contribuyan a su prevención y erradicación, esta guía tiene el propósito de compartir información clave para ello.</p>

<!-- This site is optimized with the Yoast SEO plugin v26.9 - https://yoast.com/product/yoast-seo-wordpress/ -->
<title>Guía para la prevención de la violencia de género en las instituciones educativas</title>
<meta name="robots" content="index, follow, max-snippet:-1, max-image-preview:large, max-video-preview:-1" />
<link rel="canonical" href="https://www.grade.org.pe/creer/recurso/guia-para-la-prevencion-de-la-violencia-de-genero-en-las-instituciones-educativas/" />
<meta property="og:locale" content="es_ES" />
<meta property="og:type" content="article" />
<meta property="og:title" content="Guía para la prevención de la violencia de género en las instituciones educativas" />
<meta property="og:description" content="El Ministerio de Educación del Perú ha elaborado la Guía para la prevención de la violencia de género en las instituciones educativas, dirigida a docentes de educación inicial, primaria y secundaria de Educación Básica Regular. La violencia de género es toda violencia física, psicológica, sexual o económica que se basa en estereotipos o etiquetas sociales sobre [&hellip;]" />
<meta property="og:url" content="https://www.grade.org.pe/creer/recurso/guia-para-la-prevencion-de-la-violencia-de-genero-en-las-instituciones-educativas/" />
<meta property="og:site_name" content="Proyecto CREER" />
<meta property="article:publisher" content="https://www.facebook.com/creergrade/" />
<meta property="article:modified_time" content="2022-12-01T23:50:51+00:00" />
<meta property="og:image" content="https://www.grade.org.pe/creer/archivos/caratula-guia-violencia-genero.png" />
	<meta property="og:image:width" content="713" />
	<meta property="og:image:height" content="627" />
	<meta property="og:image:type" content="image/png" />
<meta name="twitter:card" content="summary_large_image" />
<meta name="twitter:label1" content="Tiempo de lectura" />
	<meta name="twitter:data1" content="1 minuto" />
<script type="application/ld+json" class="yoast-schema-graph">{"@context":"https://schema.org","@graph":[{"@type":"WebPage","@id":"https://www.grade.org.pe/creer/recurso/guia-para-la-prevencion-de-la-violencia-de-genero-en-las-instituciones-educativas/","url":"https://www.grade.org.pe/creer/recurso/guia-para-la-prevencion-de-la-violencia-de-genero-en-las-instituciones-educativas/","name":"Guía para la prevención de la violencia de género en las instituciones educativas","isPartOf":{"@id":"https://www.grade.org.pe/creer/#website"},"primaryImageOfPage":{"@id":"https://www.grade.org.pe/creer/recurso/guia-para-la-prevencion-de-la-violencia-de-genero-en-las-instituciones-educativas/#primaryimage"},"image":{"@id":"https://www.grade.org.pe/creer/recurso/guia-para-la-prevencion-de-la-violencia-de-genero-en-las-instituciones-educativas/#primaryimage"},"thumbnailUrl":"https://www.grade.org.pe/creer/archivos/caratula-guia-violencia-genero.png","datePublished":"2020-11-24T18:31:51+00:00","dateModified":"2022-12-01T23:50:51+00:00","breadcrumb":{"@id":"https://www.grade.org.pe/creer/recurso/guia-para-la-prevencion-de-la-violencia-de-genero-en-las-instituciones-educativas/#breadcrumb"},"inLanguage":"es","potentialAction":[{"@type":"ReadAction","target":["https://www.grade.org.pe/creer/recurso/guia-para-la-prevencion-de-la-violencia-de-genero-en-las-instituciones-educativas/"]}]},{"@type":"ImageObject","inLanguage":"es","@id":"https://www.grade.org.pe/creer/recurso/guia-para-la-prevencion-de-la-violencia-de-genero-en-las-instituciones-educativas/#primaryimage","url":"https://www.grade.org.pe/creer/archivos/caratula-guia-violencia-genero.png","contentUrl":"https://www.grade.org.pe/creer/archivos/caratula-guia-violencia-genero.png","width":713,"height":627},{"@type":"BreadcrumbList","@id":"https://www.grade.org.pe/creer/recurso/guia-para-la-prevencion-de-la-violencia-de-genero-en-las-instituciones-educativas/#breadcrumb","itemListElement":[{"@type":"ListItem","position":1,"name":"Portada","item":"https://www.grade.org.pe/creer/"},{"@type":"ListItem","position":2,"name":"Recursos","item":"https://www.grade.org.pe/creer/recursos/"},{"@type":"ListItem","position":3,"name":"Guía para la prevención de la violencia de género en las instituciones educativas"}]},{"@type":"WebSite","@id":"https://www.grade.org.pe/creer/#website","url":"https://www.grade.org.pe/creer/","name":"Proyecto CREER","description":"Creciendo con las Escuelas Rurales Multigrado del Perú","publisher":{"@id":"https://www.grade.org.pe/creer/#organization"},"potentialAction":[{"@type":"SearchAction","target":{"@type":"EntryPoint","urlTemplate":"https://www.grade.org.pe/creer/?s={search_term_string}"},"query-input":{"@type":"PropertyValueSpecification","valueRequired":true,"valueName":"search_term_string"}}],"inLanguage":"es"},{"@type":"Organization","@id":"https://www.grade.org.pe/creer/#organization","name":"Proyecto CREER","url":"https://www.grade.org.pe/creer/","logo":{"@type":"ImageObject","inLanguage":"es","@id":"https://www.grade.org.pe/creer/#/schema/logo/image/","url":"https://www.grade.org.pe/creer/archivos/logo-creer.png","contentUrl":"https://www.grade.org.pe/creer/archivos/logo-creer.png","width":802,"height":258,"caption":"Proyecto CREER"},"image":{"@id":"https://www.grade.org.pe/creer/#/schema/logo/image/"},"sameAs":["https://www.facebook.com/creergrade/"]}]}</script>
<!-- / Yoast SEO plugin. -->

El Ministerio de Educación del Perú ha elaborado la Guía para la prevención de la violencia de género en las instituciones educativas, dirigida a docentes de educación inicial, primaria y secundaria de Educación Básica Regular. La violencia de género es toda violencia física, psicológica, sexual o económica que se basa en estereotipos o etiquetas sociales sobre [&hellip;]

Creciendo con las Escuelas Rurales Multigrado del Perú
