{"id":1320,"date":"2020-09-01T23:00:34","date_gmt":"2020-09-02T04:00:34","guid":{"rendered":"http:\/\/www.grade.org.pe\/creer\/?post_type=recurso&#038;p=1320"},"modified":"2022-01-31T19:06:07","modified_gmt":"2022-02-01T00:06:07","slug":"la-violencia-de-genero-afecta-el-bienestar-y-desarrollo-integral-de-ninas-ninos-y-adolescentes","status":"publish","type":"recurso","link":"https:\/\/www.grade.org.pe\/creer\/recurso\/la-violencia-de-genero-afecta-el-bienestar-y-desarrollo-integral-de-ninas-ninos-y-adolescentes\/","title":{"rendered":"La violencia de g\u00e9nero afecta el bienestar y desarrollo integral de ni\u00f1as, ni\u00f1os y adolescentes:"},"content":{"rendered":"<p>Infograf\u00edas producidas por el Minedu y que forman parte de la estrategia \u00abAprendo en Casa\u00bb acerca de la prevenci\u00f3n de la\u00a0violencia de g\u00e9nero contra ni\u00f1as, ni\u00f1os y adolescentes. Pueden consultar m\u00e1s informaci\u00f3n aqu\u00ed:\u00a0<a href=\"https:\/\/resources.aprendoencasa.pe\/red\/orientation\/families\/group\/security\/resources\/s22-seguridad-comopodemosprevenirlaviolenciadegenerocontranuestrasninas-nuestrosninosyadolescentes.pdf\">https:\/\/resources.aprendoencasa.pe\/red\/orientation\/families\/group\/security\/resources\/s22-seguridad-comopodemosprevenirlaviolenciadegenerocontranuestrasninas-nuestrosninosyadolescentes.pdf<\/a><\/p>\n","protected":false},"featured_media":1321,"parent":0,"template":"","tema":[148,166,188,193],"tipo":[236],"class_list":["post-1320","recurso","type-recurso","status-publish","has-post-thumbnail","hentry","tema-educacion-sexual","tema-igualdad-de-oportunidades","tema-roles-de-genero","tema-transversalizacion-de-enfoque-de-igualdad-de-genero","tipo-infografia"],"acf":[],"yoast_head":"<!-- This site is optimized with the Yoast SEO plugin v26.9 - https:\/\/yoast.com\/product\/yoast-seo-wordpress\/ -->\n<title>La violencia de g\u00e9nero afecta el bienestar y desarrollo integral de ni\u00f1as, ni\u00f1os y adolescentes:<\/title>\n<meta name=\"robots\" content=\"index, follow, max-snippet:-1, max-image-preview:large, max-video-preview:-1\" \/>\n<link rel=\"canonical\" href=\"https:\/\/www.grade.org.pe\/creer\/recurso\/la-violencia-de-genero-afecta-el-bienestar-y-desarrollo-integral-de-ninas-ninos-y-adolescentes\/\" \/>\n<meta property=\"og:locale\" content=\"es_ES\" \/>\n<meta property=\"og:type\" content=\"article\" \/>\n<meta property=\"og:title\" content=\"La violencia de g\u00e9nero afecta el bienestar y desarrollo integral de ni\u00f1as, ni\u00f1os y adolescentes:\" \/>\n<meta property=\"og:description\" content=\"Infograf\u00edas producidas por el Minedu y que forman parte de la estrategia \u00abAprendo en Casa\u00bb acerca de la prevenci\u00f3n de la\u00a0violencia de g\u00e9nero contra ni\u00f1as, ni\u00f1os y adolescentes. Pueden consultar m\u00e1s informaci\u00f3n aqu\u00ed:\u00a0https:\/\/resources.aprendoencasa.pe\/red\/orientation\/families\/group\/security\/resources\/s22-seguridad-comopodemosprevenirlaviolenciadegenerocontranuestrasninas-nuestrosninosyadolescentes.pdf\" \/>\n<meta property=\"og:url\" content=\"https:\/\/www.grade.org.pe\/creer\/recurso\/la-violencia-de-genero-afecta-el-bienestar-y-desarrollo-integral-de-ninas-ninos-y-adolescentes\/\" \/>\n<meta property=\"og:site_name\" content=\"Proyecto CREER\" \/>\n<meta property=\"article:publisher\" content=\"https:\/\/www.facebook.com\/creergrade\/\" \/>\n<meta property=\"article:modified_time\" content=\"2022-02-01T00:06:07+00:00\" \/>\n<meta property=\"og:image\" content=\"https:\/\/www.grade.org.pe\/creer\/archivos\/violencia-de-genero-aprendo-en-casa.png\" \/>\n\t<meta property=\"og:image:width\" content=\"797\" \/>\n\t<meta property=\"og:image:height\" content=\"446\" \/>\n\t<meta property=\"og:image:type\" content=\"image\/png\" \/>\n<meta name=\"twitter:card\" content=\"summary_large_image\" \/>\n<script type=\"application\/ld+json\" class=\"yoast-schema-graph\">{\"@context\":\"https:\/\/schema.org\",\"@graph\":[{\"@type\":\"WebPage\",\"@id\":\"https:\/\/www.grade.org.pe\/creer\/recurso\/la-violencia-de-genero-afecta-el-bienestar-y-desarrollo-integral-de-ninas-ninos-y-adolescentes\/\",\"url\":\"https:\/\/www.grade.org.pe\/creer\/recurso\/la-violencia-de-genero-afecta-el-bienestar-y-desarrollo-integral-de-ninas-ninos-y-adolescentes\/\",\"name\":\"La violencia de g\u00e9nero afecta el bienestar y desarrollo integral de ni\u00f1as, ni\u00f1os y adolescentes:\",\"isPartOf\":{\"@id\":\"https:\/\/www.grade.org.pe\/creer\/#website\"},\"primaryImageOfPage\":{\"@id\":\"https:\/\/www.grade.org.pe\/creer\/recurso\/la-violencia-de-genero-afecta-el-bienestar-y-desarrollo-integral-de-ninas-ninos-y-adolescentes\/#primaryimage\"},\"image\":{\"@id\":\"https:\/\/www.grade.org.pe\/creer\/recurso\/la-violencia-de-genero-afecta-el-bienestar-y-desarrollo-integral-de-ninas-ninos-y-adolescentes\/#primaryimage\"},\"thumbnailUrl\":\"https:\/\/www.grade.org.pe\/creer\/archivos\/violencia-de-genero-aprendo-en-casa.png\",\"datePublished\":\"2020-09-02T04:00:34+00:00\",\"dateModified\":\"2022-02-01T00:06:07+00:00\",\"breadcrumb\":{\"@id\":\"https:\/\/www.grade.org.pe\/creer\/recurso\/la-violencia-de-genero-afecta-el-bienestar-y-desarrollo-integral-de-ninas-ninos-y-adolescentes\/#breadcrumb\"},\"inLanguage\":\"es\",\"potentialAction\":[{\"@type\":\"ReadAction\",\"target\":[\"https:\/\/www.grade.org.pe\/creer\/recurso\/la-violencia-de-genero-afecta-el-bienestar-y-desarrollo-integral-de-ninas-ninos-y-adolescentes\/\"]}]},{\"@type\":\"ImageObject\",\"inLanguage\":\"es\",\"@id\":\"https:\/\/www.grade.org.pe\/creer\/recurso\/la-violencia-de-genero-afecta-el-bienestar-y-desarrollo-integral-de-ninas-ninos-y-adolescentes\/#primaryimage\",\"url\":\"https:\/\/www.grade.org.pe\/creer\/archivos\/violencia-de-genero-aprendo-en-casa.png\",\"contentUrl\":\"https:\/\/www.grade.org.pe\/creer\/archivos\/violencia-de-genero-aprendo-en-casa.png\",\"width\":797,\"height\":446},{\"@type\":\"BreadcrumbList\",\"@id\":\"https:\/\/www.grade.org.pe\/creer\/recurso\/la-violencia-de-genero-afecta-el-bienestar-y-desarrollo-integral-de-ninas-ninos-y-adolescentes\/#breadcrumb\",\"itemListElement\":[{\"@type\":\"ListItem\",\"position\":1,\"name\":\"Portada\",\"item\":\"https:\/\/www.grade.org.pe\/creer\/\"},{\"@type\":\"ListItem\",\"position\":2,\"name\":\"Recursos\",\"item\":\"https:\/\/www.grade.org.pe\/creer\/recursos\/\"},{\"@type\":\"ListItem\",\"position\":3,\"name\":\"La violencia de g\u00e9nero afecta el bienestar y desarrollo integral de ni\u00f1as, ni\u00f1os y adolescentes:\"}]},{\"@type\":\"WebSite\",\"@id\":\"https:\/\/www.grade.org.pe\/creer\/#website\",\"url\":\"https:\/\/www.grade.org.pe\/creer\/\",\"name\":\"Proyecto CREER\",\"description\":\"Creciendo con las Escuelas Rurales Multigrado del Per\u00fa\",\"publisher\":{\"@id\":\"https:\/\/www.grade.org.pe\/creer\/#organization\"},\"potentialAction\":[{\"@type\":\"SearchAction\",\"target\":{\"@type\":\"EntryPoint\",\"urlTemplate\":\"https:\/\/www.grade.org.pe\/creer\/?s={search_term_string}\"},\"query-input\":{\"@type\":\"PropertyValueSpecification\",\"valueRequired\":true,\"valueName\":\"search_term_string\"}}],\"inLanguage\":\"es\"},{\"@type\":\"Organization\",\"@id\":\"https:\/\/www.grade.org.pe\/creer\/#organization\",\"name\":\"Proyecto CREER\",\"url\":\"https:\/\/www.grade.org.pe\/creer\/\",\"logo\":{\"@type\":\"ImageObject\",\"inLanguage\":\"es\",\"@id\":\"https:\/\/www.grade.org.pe\/creer\/#\/schema\/logo\/image\/\",\"url\":\"https:\/\/www.grade.org.pe\/creer\/archivos\/logo-creer.png\",\"contentUrl\":\"https:\/\/www.grade.org.pe\/creer\/archivos\/logo-creer.png\",\"width\":802,\"height\":258,\"caption\":\"Proyecto CREER\"},\"image\":{\"@id\":\"https:\/\/www.grade.org.pe\/creer\/#\/schema\/logo\/image\/\"},\"sameAs\":[\"https:\/\/www.facebook.com\/creergrade\/\"]}]}<\/script>\n<!-- \/ Yoast SEO plugin. -->","yoast_head_json":{"title":"La violencia de g\u00e9nero afecta el bienestar y desarrollo integral de ni\u00f1as, ni\u00f1os y adolescentes:","robots":{"index":"index","follow":"follow","max-snippet":"max-snippet:-1","max-image-preview":"max-image-preview:large","max-video-preview":"max-video-preview:-1"},"canonical":"https:\/\/www.grade.org.pe\/creer\/recurso\/la-violencia-de-genero-afecta-el-bienestar-y-desarrollo-integral-de-ninas-ninos-y-adolescentes\/","og_locale":"es_ES","og_type":"article","og_title":"La violencia de g\u00e9nero afecta el bienestar y desarrollo integral de ni\u00f1as, ni\u00f1os y adolescentes:","og_description":"Infograf\u00edas producidas por el Minedu y que forman parte de la estrategia \u00abAprendo en Casa\u00bb acerca de la prevenci\u00f3n de la\u00a0violencia de g\u00e9nero contra ni\u00f1as, ni\u00f1os y adolescentes. Pueden consultar m\u00e1s informaci\u00f3n aqu\u00ed:\u00a0https:\/\/resources.aprendoencasa.pe\/red\/orientation\/families\/group\/security\/resources\/s22-seguridad-comopodemosprevenirlaviolenciadegenerocontranuestrasninas-nuestrosninosyadolescentes.pdf","og_url":"https:\/\/www.grade.org.pe\/creer\/recurso\/la-violencia-de-genero-afecta-el-bienestar-y-desarrollo-integral-de-ninas-ninos-y-adolescentes\/","og_site_name":"Proyecto CREER","article_publisher":"https:\/\/www.facebook.com\/creergrade\/","article_modified_time":"2022-02-01T00:06:07+00:00","og_image":[{"width":797,"height":446,"url":"https:\/\/www.grade.org.pe\/creer\/archivos\/violencia-de-genero-aprendo-en-casa.png","type":"image\/png"}],"twitter_card":"summary_large_image","schema":{"@context":"https:\/\/schema.org","@graph":[{"@type":"WebPage","@id":"https:\/\/www.grade.org.pe\/creer\/recurso\/la-violencia-de-genero-afecta-el-bienestar-y-desarrollo-integral-de-ninas-ninos-y-adolescentes\/","url":"https:\/\/www.grade.org.pe\/creer\/recurso\/la-violencia-de-genero-afecta-el-bienestar-y-desarrollo-integral-de-ninas-ninos-y-adolescentes\/","name":"La violencia de g\u00e9nero afecta el bienestar y desarrollo integral de ni\u00f1as, ni\u00f1os y adolescentes:","isPartOf":{"@id":"https:\/\/www.grade.org.pe\/creer\/#website"},"primaryImageOfPage":{"@id":"https:\/\/www.grade.org.pe\/creer\/recurso\/la-violencia-de-genero-afecta-el-bienestar-y-desarrollo-integral-de-ninas-ninos-y-adolescentes\/#primaryimage"},"image":{"@id":"https:\/\/www.grade.org.pe\/creer\/recurso\/la-violencia-de-genero-afecta-el-bienestar-y-desarrollo-integral-de-ninas-ninos-y-adolescentes\/#primaryimage"},"thumbnailUrl":"https:\/\/www.grade.org.pe\/creer\/archivos\/violencia-de-genero-aprendo-en-casa.png","datePublished":"2020-09-02T04:00:34+00:00","dateModified":"2022-02-01T00:06:07+00:00","breadcrumb":{"@id":"https:\/\/www.grade.org.pe\/creer\/recurso\/la-violencia-de-genero-afecta-el-bienestar-y-desarrollo-integral-de-ninas-ninos-y-adolescentes\/#breadcrumb"},"inLanguage":"es","potentialAction":[{"@type":"ReadAction","target":["https:\/\/www.grade.org.pe\/creer\/recurso\/la-violencia-de-genero-afecta-el-bienestar-y-desarrollo-integral-de-ninas-ninos-y-adolescentes\/"]}]},{"@type":"ImageObject","inLanguage":"es","@id":"https:\/\/www.grade.org.pe\/creer\/recurso\/la-violencia-de-genero-afecta-el-bienestar-y-desarrollo-integral-de-ninas-ninos-y-adolescentes\/#primaryimage","url":"https:\/\/www.grade.org.pe\/creer\/archivos\/violencia-de-genero-aprendo-en-casa.png","contentUrl":"https:\/\/www.grade.org.pe\/creer\/archivos\/violencia-de-genero-aprendo-en-casa.png","width":797,"height":446},{"@type":"BreadcrumbList","@id":"https:\/\/www.grade.org.pe\/creer\/recurso\/la-violencia-de-genero-afecta-el-bienestar-y-desarrollo-integral-de-ninas-ninos-y-adolescentes\/#breadcrumb","itemListElement":[{"@type":"ListItem","position":1,"name":"Portada","item":"https:\/\/www.grade.org.pe\/creer\/"},{"@type":"ListItem","position":2,"name":"Recursos","item":"https:\/\/www.grade.org.pe\/creer\/recursos\/"},{"@type":"ListItem","position":3,"name":"La violencia de g\u00e9nero afecta el bienestar y desarrollo integral de ni\u00f1as, ni\u00f1os y adolescentes:"}]},{"@type":"WebSite","@id":"https:\/\/www.grade.org.pe\/creer\/#website","url":"https:\/\/www.grade.org.pe\/creer\/","name":"Proyecto CREER","description":"Creciendo con las Escuelas Rurales Multigrado del Per\u00fa","publisher":{"@id":"https:\/\/www.grade.org.pe\/creer\/#organization"},"potentialAction":[{"@type":"SearchAction","target":{"@type":"EntryPoint","urlTemplate":"https:\/\/www.grade.org.pe\/creer\/?s={search_term_string}"},"query-input":{"@type":"PropertyValueSpecification","valueRequired":true,"valueName":"search_term_string"}}],"inLanguage":"es"},{"@type":"Organization","@id":"https:\/\/www.grade.org.pe\/creer\/#organization","name":"Proyecto CREER","url":"https:\/\/www.grade.org.pe\/creer\/","logo":{"@type":"ImageObject","inLanguage":"es","@id":"https:\/\/www.grade.org.pe\/creer\/#\/schema\/logo\/image\/","url":"https:\/\/www.grade.org.pe\/creer\/archivos\/logo-creer.png","contentUrl":"https:\/\/www.grade.org.pe\/creer\/archivos\/logo-creer.png","width":802,"height":258,"caption":"Proyecto CREER"},"image":{"@id":"https:\/\/www.grade.org.pe\/creer\/#\/schema\/logo\/image\/"},"sameAs":["https:\/\/www.facebook.com\/creergrade\/"]}]}},"_links":{"self":[{"href":"https:\/\/www.grade.org.pe\/creer\/wp-json\/wp\/v2\/recurso\/1320","targetHints":{"allow":["GET"]}}],"collection":[{"href":"https:\/\/www.grade.org.pe\/creer\/wp-json\/wp\/v2\/recurso"}],"about":[{"href":"https:\/\/www.grade.org.pe\/creer\/wp-json\/wp\/v2\/types\/recurso"}],"version-history":[{"count":0,"href":"https:\/\/www.grade.org.pe\/creer\/wp-json\/wp\/v2\/recurso\/1320\/revisions"}],"wp:featuredmedia":[{"embeddable":true,"href":"https:\/\/www.grade.org.pe\/creer\/wp-json\/wp\/v2\/media\/1321"}],"wp:attachment":[{"href":"https:\/\/www.grade.org.pe\/creer\/wp-json\/wp\/v2\/media?parent=1320"}],"wp:term":[{"taxonomy":"tema","embeddable":true,"href":"https:\/\/www.grade.org.pe\/creer\/wp-json\/wp\/v2\/tema?post=1320"},{"taxonomy":"tipo","embeddable":true,"href":"https:\/\/www.grade.org.pe\/creer\/wp-json\/wp\/v2\/tipo?post=1320"}],"curies":[{"name":"wp","href":"https:\/\/api.w.org\/{rel}","templated":true}]}}

La violencia de género afecta el bienestar y desarrollo integral de niñas, niños y adolescentes:

<p>Infografías producidas por el Minedu y que forman parte de la estrategia «Aprendo en Casa» acerca de la prevención de la violencia de género contra niñas, niños y adolescentes. Pueden consultar más información aquí: <a href="https://resources.aprendoencasa.pe/red/orientation/families/group/security/resources/s22-seguridad-comopodemosprevenirlaviolenciadegenerocontranuestrasninas-nuestrosninosyadolescentes.pdf">https://resources.aprendoencasa.pe/red/orientation/families/group/security/resources/s22-seguridad-comopodemosprevenirlaviolenciadegenerocontranuestrasninas-nuestrosninosyadolescentes.pdf</a></p>

<!-- This site is optimized with the Yoast SEO plugin v26.9 - https://yoast.com/product/yoast-seo-wordpress/ -->
<title>La violencia de género afecta el bienestar y desarrollo integral de niñas, niños y adolescentes:</title>
<meta name="robots" content="index, follow, max-snippet:-1, max-image-preview:large, max-video-preview:-1" />
<link rel="canonical" href="https://www.grade.org.pe/creer/recurso/la-violencia-de-genero-afecta-el-bienestar-y-desarrollo-integral-de-ninas-ninos-y-adolescentes/" />
<meta property="og:locale" content="es_ES" />
<meta property="og:type" content="article" />
<meta property="og:title" content="La violencia de género afecta el bienestar y desarrollo integral de niñas, niños y adolescentes:" />
<meta property="og:description" content="Infografías producidas por el Minedu y que forman parte de la estrategia «Aprendo en Casa» acerca de la prevención de la violencia de género contra niñas, niños y adolescentes. Pueden consultar más información aquí: https://resources.aprendoencasa.pe/red/orientation/families/group/security/resources/s22-seguridad-comopodemosprevenirlaviolenciadegenerocontranuestrasninas-nuestrosninosyadolescentes.pdf" />
<meta property="og:url" content="https://www.grade.org.pe/creer/recurso/la-violencia-de-genero-afecta-el-bienestar-y-desarrollo-integral-de-ninas-ninos-y-adolescentes/" />
<meta property="og:site_name" content="Proyecto CREER" />
<meta property="article:publisher" content="https://www.facebook.com/creergrade/" />
<meta property="article:modified_time" content="2022-02-01T00:06:07+00:00" />
<meta property="og:image" content="https://www.grade.org.pe/creer/archivos/violencia-de-genero-aprendo-en-casa.png" />
	<meta property="og:image:width" content="797" />
	<meta property="og:image:height" content="446" />
	<meta property="og:image:type" content="image/png" />
<meta name="twitter:card" content="summary_large_image" />
<script type="application/ld+json" class="yoast-schema-graph">{"@context":"https://schema.org","@graph":[{"@type":"WebPage","@id":"https://www.grade.org.pe/creer/recurso/la-violencia-de-genero-afecta-el-bienestar-y-desarrollo-integral-de-ninas-ninos-y-adolescentes/","url":"https://www.grade.org.pe/creer/recurso/la-violencia-de-genero-afecta-el-bienestar-y-desarrollo-integral-de-ninas-ninos-y-adolescentes/","name":"La violencia de género afecta el bienestar y desarrollo integral de niñas, niños y adolescentes:","isPartOf":{"@id":"https://www.grade.org.pe/creer/#website"},"primaryImageOfPage":{"@id":"https://www.grade.org.pe/creer/recurso/la-violencia-de-genero-afecta-el-bienestar-y-desarrollo-integral-de-ninas-ninos-y-adolescentes/#primaryimage"},"image":{"@id":"https://www.grade.org.pe/creer/recurso/la-violencia-de-genero-afecta-el-bienestar-y-desarrollo-integral-de-ninas-ninos-y-adolescentes/#primaryimage"},"thumbnailUrl":"https://www.grade.org.pe/creer/archivos/violencia-de-genero-aprendo-en-casa.png","datePublished":"2020-09-02T04:00:34+00:00","dateModified":"2022-02-01T00:06:07+00:00","breadcrumb":{"@id":"https://www.grade.org.pe/creer/recurso/la-violencia-de-genero-afecta-el-bienestar-y-desarrollo-integral-de-ninas-ninos-y-adolescentes/#breadcrumb"},"inLanguage":"es","potentialAction":[{"@type":"ReadAction","target":["https://www.grade.org.pe/creer/recurso/la-violencia-de-genero-afecta-el-bienestar-y-desarrollo-integral-de-ninas-ninos-y-adolescentes/"]}]},{"@type":"ImageObject","inLanguage":"es","@id":"https://www.grade.org.pe/creer/recurso/la-violencia-de-genero-afecta-el-bienestar-y-desarrollo-integral-de-ninas-ninos-y-adolescentes/#primaryimage","url":"https://www.grade.org.pe/creer/archivos/violencia-de-genero-aprendo-en-casa.png","contentUrl":"https://www.grade.org.pe/creer/archivos/violencia-de-genero-aprendo-en-casa.png","width":797,"height":446},{"@type":"BreadcrumbList","@id":"https://www.grade.org.pe/creer/recurso/la-violencia-de-genero-afecta-el-bienestar-y-desarrollo-integral-de-ninas-ninos-y-adolescentes/#breadcrumb","itemListElement":[{"@type":"ListItem","position":1,"name":"Portada","item":"https://www.grade.org.pe/creer/"},{"@type":"ListItem","position":2,"name":"Recursos","item":"https://www.grade.org.pe/creer/recursos/"},{"@type":"ListItem","position":3,"name":"La violencia de género afecta el bienestar y desarrollo integral de niñas, niños y adolescentes:"}]},{"@type":"WebSite","@id":"https://www.grade.org.pe/creer/#website","url":"https://www.grade.org.pe/creer/","name":"Proyecto CREER","description":"Creciendo con las Escuelas Rurales Multigrado del Perú","publisher":{"@id":"https://www.grade.org.pe/creer/#organization"},"potentialAction":[{"@type":"SearchAction","target":{"@type":"EntryPoint","urlTemplate":"https://www.grade.org.pe/creer/?s={search_term_string}"},"query-input":{"@type":"PropertyValueSpecification","valueRequired":true,"valueName":"search_term_string"}}],"inLanguage":"es"},{"@type":"Organization","@id":"https://www.grade.org.pe/creer/#organization","name":"Proyecto CREER","url":"https://www.grade.org.pe/creer/","logo":{"@type":"ImageObject","inLanguage":"es","@id":"https://www.grade.org.pe/creer/#/schema/logo/image/","url":"https://www.grade.org.pe/creer/archivos/logo-creer.png","contentUrl":"https://www.grade.org.pe/creer/archivos/logo-creer.png","width":802,"height":258,"caption":"Proyecto CREER"},"image":{"@id":"https://www.grade.org.pe/creer/#/schema/logo/image/"},"sameAs":["https://www.facebook.com/creergrade/"]}]}</script>
<!-- / Yoast SEO plugin. -->

Infografías producidas por el Minedu y que forman parte de la estrategia «Aprendo en Casa» acerca de la prevención de la violencia de género contra niñas, niños y adolescentes. Pueden consultar más información aquí: https://resources.aprendoencasa.pe/red/orientation/families/group/security/resources/s22-seguridad-comopodemosprevenirlaviolenciadegenerocontranuestrasninas-nuestrosninosyadolescentes.pdf

Creciendo con las Escuelas Rurales Multigrado del Perú
