{"id":12,"date":"2019-11-04T03:03:57","date_gmt":"2019-11-04T08:03:57","guid":{"rendered":"http:\/\/www.grade.org.pe\/creer\/?page_id=12"},"modified":"2024-08-23T11:24:32","modified_gmt":"2024-08-23T16:24:32","slug":"el-proyecto","status":"publish","type":"page","link":"https:\/\/www.grade.org.pe\/creer\/el-proyecto\/","title":{"rendered":"El Proyecto"},"content":{"rendered":"<p>La alta desigualdad en oportunidades y resultados educativos es uno de los principales retos que debe vencer la educaci\u00f3n peruana. Un grupo que ha mostrado particularmente bajos resultados son las y los estudiantes de escuelas multigrado en zonas rurales. En este contexto, el <strong>proyecto CREER<\/strong> se orienta a entender c\u00f3mo se podr\u00edan reducir estas desigualdades y avanzar en el reto de democratizar la educaci\u00f3n peruana.<\/p>\n<p>Por estas razones, <strong><a href=\"http:\/\/www.grade.org.pe\/\" target=\"_blank\" rel=\"noopener noreferrer\">GRADE<\/a><\/strong>\u00a0y\u00a0<strong><a href=\"https:\/\/olddartfoundation.org\/sp\" target=\"_blank\" rel=\"noopener noreferrer\">Old Dart Foundation<\/a><\/strong> han suscrito un convenio para que el primero implemente el proyecto CREER, que tiene como <strong>objetivo:<\/strong>\u00a0<strong class=\"azul\">Mejorar los aprendizajes y las condiciones de bienestar de las y los estudiantes de las escuelas rurales multigrado primarias castellano hablantes del Per\u00fa.<\/strong><\/p>\n<p>El proyecto CREER se enmarca en dos de las\u00a0<strong>l\u00edneas estrat\u00e9gicas<\/strong>\u00a0de la Pol\u00edtica de Atenci\u00f3n Educativa para la Poblaci\u00f3n de \u00c1mbitos Rurales:\u00a0<strong class=\"azul\">Aprendizajes y Condiciones de bienestar<\/strong>.<\/p>\n<p>CREER desarroll\u00f3 una primera etapa de agosto del 2019 a enero del 2022. La segunda etapa del proyecto inici\u00f3 en febrero del 2022 y nuestra intervenci\u00f3n se desarrolla en 32 instituciones educativas ubicadas en los distritos de Cachachi en Cajabamba y Bellavista en Ja\u00e9n, en la regi\u00f3n Cajamarca.<\/p>\n<p>El proyecto plantea dos grandes <strong>ejes de trabajo<\/strong> que son transversales a todas las actividades.<\/p>\n","protected":false},"excerpt":{"rendered":"<p>La alta desigualdad en oportunidades y resultados educativos es uno de los principales retos que debe vencer la educaci\u00f3n peruana. Un grupo que ha mostrado particularmente bajos resultados son las y los estudiantes de escuelas multigrado en zonas rurales. En este contexto, el proyecto CREER se orienta a entender c\u00f3mo se podr\u00edan reducir estas desigualdades [&hellip;]<\/p>\n","protected":false},"author":1,"featured_media":0,"parent":0,"menu_order":4,"comment_status":"closed","ping_status":"closed","template":"","meta":{"footnotes":""},"class_list":["post-12","page","type-page","status-publish","hentry"],"acf":[],"yoast_head":"<!-- This site is optimized with the Yoast SEO plugin v26.9 - https:\/\/yoast.com\/product\/yoast-seo-wordpress\/ -->\n<title>El Proyecto - Proyecto CREER<\/title>\n<meta name=\"description\" content=\"El Proyecto CREER es ejecutado por el Grupo de An\u00e1lisis para el Desarrollo (GRADE) con apoyo t\u00e9cnico y financiero de Old Dart Foundation.\" \/>\n<meta name=\"robots\" content=\"index, follow, max-snippet:-1, max-image-preview:large, max-video-preview:-1\" \/>\n<link rel=\"canonical\" href=\"https:\/\/www.grade.org.pe\/creer\/el-proyecto\/\" \/>\n<meta property=\"og:locale\" content=\"es_ES\" \/>\n<meta property=\"og:type\" content=\"article\" \/>\n<meta property=\"og:title\" content=\"El Proyecto - Proyecto CREER\" \/>\n<meta property=\"og:description\" content=\"El Proyecto CREER es ejecutado por el Grupo de An\u00e1lisis para el Desarrollo (GRADE) con apoyo t\u00e9cnico y financiero de Old Dart Foundation.\" \/>\n<meta property=\"og:url\" content=\"https:\/\/www.grade.org.pe\/creer\/el-proyecto\/\" \/>\n<meta property=\"og:site_name\" content=\"Proyecto CREER\" \/>\n<meta property=\"article:publisher\" content=\"https:\/\/www.facebook.com\/creergrade\/\" \/>\n<meta property=\"article:modified_time\" content=\"2024-08-23T16:24:32+00:00\" \/>\n<meta name=\"twitter:card\" content=\"summary_large_image\" \/>\n<meta name=\"twitter:label1\" content=\"Tiempo de lectura\" \/>\n\t<meta name=\"twitter:data1\" content=\"1 minuto\" \/>\n<script type=\"application\/ld+json\" class=\"yoast-schema-graph\">{\"@context\":\"https:\/\/schema.org\",\"@graph\":[{\"@type\":\"WebPage\",\"@id\":\"https:\/\/www.grade.org.pe\/creer\/el-proyecto\/\",\"url\":\"https:\/\/www.grade.org.pe\/creer\/el-proyecto\/\",\"name\":\"El Proyecto - Proyecto CREER\",\"isPartOf\":{\"@id\":\"https:\/\/www.grade.org.pe\/creer\/#website\"},\"datePublished\":\"2019-11-04T08:03:57+00:00\",\"dateModified\":\"2024-08-23T16:24:32+00:00\",\"description\":\"El Proyecto CREER es ejecutado por el Grupo de An\u00e1lisis para el Desarrollo (GRADE) con apoyo t\u00e9cnico y financiero de Old Dart Foundation.\",\"breadcrumb\":{\"@id\":\"https:\/\/www.grade.org.pe\/creer\/el-proyecto\/#breadcrumb\"},\"inLanguage\":\"es\",\"potentialAction\":[{\"@type\":\"ReadAction\",\"target\":[\"https:\/\/www.grade.org.pe\/creer\/el-proyecto\/\"]}]},{\"@type\":\"BreadcrumbList\",\"@id\":\"https:\/\/www.grade.org.pe\/creer\/el-proyecto\/#breadcrumb\",\"itemListElement\":[{\"@type\":\"ListItem\",\"position\":1,\"name\":\"Portada\",\"item\":\"https:\/\/www.grade.org.pe\/creer\/\"},{\"@type\":\"ListItem\",\"position\":2,\"name\":\"El Proyecto\"}]},{\"@type\":\"WebSite\",\"@id\":\"https:\/\/www.grade.org.pe\/creer\/#website\",\"url\":\"https:\/\/www.grade.org.pe\/creer\/\",\"name\":\"Proyecto CREER\",\"description\":\"Creciendo con las Escuelas Rurales Multigrado del Per\u00fa\",\"publisher\":{\"@id\":\"https:\/\/www.grade.org.pe\/creer\/#organization\"},\"potentialAction\":[{\"@type\":\"SearchAction\",\"target\":{\"@type\":\"EntryPoint\",\"urlTemplate\":\"https:\/\/www.grade.org.pe\/creer\/?s={search_term_string}\"},\"query-input\":{\"@type\":\"PropertyValueSpecification\",\"valueRequired\":true,\"valueName\":\"search_term_string\"}}],\"inLanguage\":\"es\"},{\"@type\":\"Organization\",\"@id\":\"https:\/\/www.grade.org.pe\/creer\/#organization\",\"name\":\"Proyecto CREER\",\"url\":\"https:\/\/www.grade.org.pe\/creer\/\",\"logo\":{\"@type\":\"ImageObject\",\"inLanguage\":\"es\",\"@id\":\"https:\/\/www.grade.org.pe\/creer\/#\/schema\/logo\/image\/\",\"url\":\"https:\/\/www.grade.org.pe\/creer\/archivos\/logo-creer.png\",\"contentUrl\":\"https:\/\/www.grade.org.pe\/creer\/archivos\/logo-creer.png\",\"width\":802,\"height\":258,\"caption\":\"Proyecto CREER\"},\"image\":{\"@id\":\"https:\/\/www.grade.org.pe\/creer\/#\/schema\/logo\/image\/\"},\"sameAs\":[\"https:\/\/www.facebook.com\/creergrade\/\"]}]}<\/script>\n<!-- \/ Yoast SEO plugin. -->","yoast_head_json":{"title":"El Proyecto - Proyecto CREER","description":"El Proyecto CREER es ejecutado por el Grupo de An\u00e1lisis para el Desarrollo (GRADE) con apoyo t\u00e9cnico y financiero de Old Dart Foundation.","robots":{"index":"index","follow":"follow","max-snippet":"max-snippet:-1","max-image-preview":"max-image-preview:large","max-video-preview":"max-video-preview:-1"},"canonical":"https:\/\/www.grade.org.pe\/creer\/el-proyecto\/","og_locale":"es_ES","og_type":"article","og_title":"El Proyecto - Proyecto CREER","og_description":"El Proyecto CREER es ejecutado por el Grupo de An\u00e1lisis para el Desarrollo (GRADE) con apoyo t\u00e9cnico y financiero de Old Dart Foundation.","og_url":"https:\/\/www.grade.org.pe\/creer\/el-proyecto\/","og_site_name":"Proyecto CREER","article_publisher":"https:\/\/www.facebook.com\/creergrade\/","article_modified_time":"2024-08-23T16:24:32+00:00","twitter_card":"summary_large_image","twitter_misc":{"Tiempo de lectura":"1 minuto"},"schema":{"@context":"https:\/\/schema.org","@graph":[{"@type":"WebPage","@id":"https:\/\/www.grade.org.pe\/creer\/el-proyecto\/","url":"https:\/\/www.grade.org.pe\/creer\/el-proyecto\/","name":"El Proyecto - Proyecto CREER","isPartOf":{"@id":"https:\/\/www.grade.org.pe\/creer\/#website"},"datePublished":"2019-11-04T08:03:57+00:00","dateModified":"2024-08-23T16:24:32+00:00","description":"El Proyecto CREER es ejecutado por el Grupo de An\u00e1lisis para el Desarrollo (GRADE) con apoyo t\u00e9cnico y financiero de Old Dart Foundation.","breadcrumb":{"@id":"https:\/\/www.grade.org.pe\/creer\/el-proyecto\/#breadcrumb"},"inLanguage":"es","potentialAction":[{"@type":"ReadAction","target":["https:\/\/www.grade.org.pe\/creer\/el-proyecto\/"]}]},{"@type":"BreadcrumbList","@id":"https:\/\/www.grade.org.pe\/creer\/el-proyecto\/#breadcrumb","itemListElement":[{"@type":"ListItem","position":1,"name":"Portada","item":"https:\/\/www.grade.org.pe\/creer\/"},{"@type":"ListItem","position":2,"name":"El Proyecto"}]},{"@type":"WebSite","@id":"https:\/\/www.grade.org.pe\/creer\/#website","url":"https:\/\/www.grade.org.pe\/creer\/","name":"Proyecto CREER","description":"Creciendo con las Escuelas Rurales Multigrado del Per\u00fa","publisher":{"@id":"https:\/\/www.grade.org.pe\/creer\/#organization"},"potentialAction":[{"@type":"SearchAction","target":{"@type":"EntryPoint","urlTemplate":"https:\/\/www.grade.org.pe\/creer\/?s={search_term_string}"},"query-input":{"@type":"PropertyValueSpecification","valueRequired":true,"valueName":"search_term_string"}}],"inLanguage":"es"},{"@type":"Organization","@id":"https:\/\/www.grade.org.pe\/creer\/#organization","name":"Proyecto CREER","url":"https:\/\/www.grade.org.pe\/creer\/","logo":{"@type":"ImageObject","inLanguage":"es","@id":"https:\/\/www.grade.org.pe\/creer\/#\/schema\/logo\/image\/","url":"https:\/\/www.grade.org.pe\/creer\/archivos\/logo-creer.png","contentUrl":"https:\/\/www.grade.org.pe\/creer\/archivos\/logo-creer.png","width":802,"height":258,"caption":"Proyecto CREER"},"image":{"@id":"https:\/\/www.grade.org.pe\/creer\/#\/schema\/logo\/image\/"},"sameAs":["https:\/\/www.facebook.com\/creergrade\/"]}]}},"_links":{"self":[{"href":"https:\/\/www.grade.org.pe\/creer\/wp-json\/wp\/v2\/pages\/12","targetHints":{"allow":["GET"]}}],"collection":[{"href":"https:\/\/www.grade.org.pe\/creer\/wp-json\/wp\/v2\/pages"}],"about":[{"href":"https:\/\/www.grade.org.pe\/creer\/wp-json\/wp\/v2\/types\/page"}],"author":[{"embeddable":true,"href":"https:\/\/www.grade.org.pe\/creer\/wp-json\/wp\/v2\/users\/1"}],"replies":[{"embeddable":true,"href":"https:\/\/www.grade.org.pe\/creer\/wp-json\/wp\/v2\/comments?post=12"}],"version-history":[{"count":44,"href":"https:\/\/www.grade.org.pe\/creer\/wp-json\/wp\/v2\/pages\/12\/revisions"}],"predecessor-version":[{"id":2969,"href":"https:\/\/www.grade.org.pe\/creer\/wp-json\/wp\/v2\/pages\/12\/revisions\/2969"}],"wp:attachment":[{"href":"https:\/\/www.grade.org.pe\/creer\/wp-json\/wp\/v2\/media?parent=12"}],"curies":[{"name":"wp","href":"https:\/\/api.w.org\/{rel}","templated":true}]}}